{"id":10138,"date":"2023-09-18T15:20:01","date_gmt":"2023-09-18T18:20:01","guid":{"rendered":"https:\/\/crab.rj.sebrae.com.br\/?post_type=programacao&#038;p=10138"},"modified":"2024-01-10T16:38:03","modified_gmt":"2024-01-10T19:38:03","slug":"primavera-dos-museus","status":"publish","type":"programacao","link":"https:\/\/homologacaosites.rj.sebrae.com.br\/crab\/programacao\/primavera-dos-museus\/","title":{"rendered":"Primavera dos museus"},"content":{"rendered":"<h2><strong>Primavera dos museus<\/strong>:<\/h2>\n<p>Veja a programa\u00e7\u00e3o completa:<\/p>\n<p><strong>22 de Setembro<\/strong> | <strong>Sexta-Feira<\/strong> (de 13h30 \u00e0s 15h e de 15h30 \u00e0s 17h)<\/p>\n<p><strong>\u201cEscreviv\u00eancias&#8221; e narrativas<\/strong>: Bate-papo sobre hist\u00f3rias e viv\u00eancias: A atividade ter\u00e1 como pano de fundo a obra da escritora Concei\u00e7\u00e3o Evaristo e cujo objetivo \u00e9 incentivar a escrita a partir das pr\u00f3prias experi\u00eancias de vida das participantes e do conhecimento a respeito do tema central do evento <a href=\"https:\/\/www.gov.br\/museus\/pt-br\/acesso-a-informacao\/acoes-e-programas\/primavera-dos-museus\" target=\"_blank\" rel=\"noopener\">Primavera dos museus<\/a>.<\/p>\n<p><strong>23 de Setembro<\/strong> | <strong>S\u00e1bado<\/strong> (de 10h30 \u00e0 12h, de 14h \u00e0s 15h20 e de 15h30 \u00e0s 17h)<\/p>\n<p><strong>Identidades Africanas e Quilombolas \u2013 Sankofa:<\/strong><\/p>\n<p>Roda de conversa seguida de oficina de pintura em tecido com a confec\u00e7\u00e3o do ideograma africano representado por um p\u00e1ssaro com a Oficina sankofas:<br \/>\ncabe\u00e7a voltada para tr\u00e1s ou tamb\u00e9m pela forma de duas voltas justapostas, espelhadas, lembrando um cora\u00e7\u00e3o. Este ideograma denomina-se Sankofa.<\/p>\n<p>A atividade ser\u00e1 desenvolvida em hor\u00e1rios pr\u00e9-definidos, iniciando com uma Roda de Conversa (breve bate-papo de 10 a 15 minutos sobre a tem\u00e1tica em quest\u00e3o), e em seguida a parte pr\u00e1tica complementar onde ser\u00e1 realizada uma pintura em tecido e a confec\u00e7\u00e3o do ideograma africano representado por um p\u00e1ssaro com a cabe\u00e7a voltada para tr\u00e1s ou tamb\u00e9m pela forma de duas voltas justapostas, espelhadas, lembrando um cora\u00e7\u00e3o. Este ideograma denomina-se Sankofa. A etimologia da palavra, em gan\u00eas, inclui os termos san (voltar, retornar), ko (ir) e fa (olhar, buscar e pegar).<\/p>\n<h2><b><span data-contrast=\"auto\">Servi\u00e7o<\/span><\/b><span data-ccp-props=\"{&quot;335551550&quot;:6,&quot;335551620&quot;:6}\"> CRAB.<\/span><\/h2>\n<p><b><span data-contrast=\"auto\">Endere\u00e7o: <\/span><\/b><span data-contrast=\"auto\">Pra\u00e7a Tiradentes 69\/71, Centro do Rio de Janeiro<\/span><span data-ccp-props=\"{&quot;335551550&quot;:6,&quot;335551620&quot;:6}\">\u00a0<\/span><\/p>\n<p><b><span data-contrast=\"auto\">Funcionamento: <\/span><\/b><span data-contrast=\"auto\">ter\u00e7a-feira a s\u00e1bado, das 10h \u00e0s 17h<\/span><span data-ccp-props=\"{&quot;335551550&quot;:6,&quot;335551620&quot;:6}\">\u00a0<\/span><\/p>\n<p><b><span data-contrast=\"auto\">Ingresso: <\/span><\/b><span data-contrast=\"auto\">entrada franca (mediante documento com foto)<\/span><span data-ccp-props=\"{&quot;335551550&quot;:6,&quot;335551620&quot;:6}\">\u00a0<\/span><\/p>\n<p><b><span data-contrast=\"auto\">Website: <\/span><\/b><a href=\"https:\/\/homologacaosites.rj.sebrae.com.br\/crab\/\"><span data-contrast=\"none\">https:\/\/homologacaosites.rj.sebrae.com.br\/crab\/<\/span><\/a><span data-ccp-props=\"{&quot;335551550&quot;:6,&quot;335551620&quot;:6}\">\u00a0<\/span><\/p>\n","protected":false},"featured_media":10060,"template":"","opcoes-da-programacao":[],"tipos-de-eventos-jet":[],"class_list":["post-10138","programacao","type-programacao","status-publish","has-post-thumbnail","hentry","programacao_group-memoria-crab"],"_links":{"self":[{"href":"https:\/\/homologacaosites.rj.sebrae.com.br\/crab\/wp-json\/wp\/v2\/programacao\/10138","targetHints":{"allow":["GET"]}}],"collection":[{"href":"https:\/\/homologacaosites.rj.sebrae.com.br\/crab\/wp-json\/wp\/v2\/programacao"}],"about":[{"href":"https:\/\/homologacaosites.rj.sebrae.com.br\/crab\/wp-json\/wp\/v2\/types\/programacao"}],"wp:featuredmedia":[{"embeddable":true,"href":"https:\/\/homologacaosites.rj.sebrae.com.br\/crab\/wp-json\/wp\/v2\/media\/10060"}],"wp:attachment":[{"href":"https:\/\/homologacaosites.rj.sebrae.com.br\/crab\/wp-json\/wp\/v2\/media?parent=10138"}],"wp:term":[{"taxonomy":"opcoes-da-programacao","embeddable":true,"href":"https:\/\/homologacaosites.rj.sebrae.com.br\/crab\/wp-json\/wp\/v2\/opcoes-da-programacao?post=10138"},{"taxonomy":"tipos-de-eventos-jet","embeddable":true,"href":"https:\/\/homologacaosites.rj.sebrae.com.br\/crab\/wp-json\/wp\/v2\/tipos-de-eventos-jet?post=10138"}],"curies":[{"name":"wp","href":"https:\/\/api.w.org\/{rel}","templated":true}]}}

<h2><strong>Primavera dos museus</strong>:</h2>
<p>Veja a programação completa:</p>
<p><strong>22 de Setembro</strong> | <strong>Sexta-Feira</strong> (de 13h30 às 15h e de 15h30 às 17h)</p>
<p><strong>“Escrevivências&#8221; e narrativas</strong>: Bate-papo sobre histórias e vivências: A atividade terá como pano de fundo a obra da escritora Conceição Evaristo e cujo objetivo é incentivar a escrita a partir das próprias experiências de vida das participantes e do conhecimento a respeito do tema central do evento <a href="https://www.gov.br/museus/pt-br/acesso-a-informacao/acoes-e-programas/primavera-dos-museus" target="_blank" rel="noopener">Primavera dos museus</a>.</p>
<p><strong>23 de Setembro</strong> | <strong>Sábado</strong> (de 10h30 à 12h, de 14h às 15h20 e de 15h30 às 17h)</p>
<p><strong>Identidades Africanas e Quilombolas – Sankofa:</strong></p>
<p>Roda de conversa seguida de oficina de pintura em tecido com a confecção do ideograma africano representado por um pássaro com a Oficina sankofas:<br />
cabeça voltada para trás ou também pela forma de duas voltas justapostas, espelhadas, lembrando um coração. Este ideograma denomina-se Sankofa.</p>
<p>A atividade será desenvolvida em horários pré-definidos, iniciando com uma Roda de Conversa (breve bate-papo de 10 a 15 minutos sobre a temática em questão), e em seguida a parte prática complementar onde será realizada uma pintura em tecido e a confecção do ideograma africano representado por um pássaro com a cabeça voltada para trás ou também pela forma de duas voltas justapostas, espelhadas, lembrando um coração. Este ideograma denomina-se Sankofa. A etimologia da palavra, em ganês, inclui os termos san (voltar, retornar), ko (ir) e fa (olhar, buscar e pegar).</p>
<h2><b><span data-contrast="auto">Serviço</span></b><span data-ccp-props="{&quot;335551550&quot;:6,&quot;335551620&quot;:6}"> CRAB.</span></h2>
<p><b><span data-contrast="auto">Endereço: </span></b><span data-contrast="auto">Praça Tiradentes 69/71, Centro do Rio de Janeiro</span><span data-ccp-props="{&quot;335551550&quot;:6,&quot;335551620&quot;:6}"> </span></p>
<p><b><span data-contrast="auto">Funcionamento: </span></b><span data-contrast="auto">terça-feira a sábado, das 10h às 17h</span><span data-ccp-props="{&quot;335551550&quot;:6,&quot;335551620&quot;:6}"> </span></p>
<p><b><span data-contrast="auto">Ingresso: </span></b><span data-contrast="auto">entrada franca (mediante documento com foto)</span><span data-ccp-props="{&quot;335551550&quot;:6,&quot;335551620&quot;:6}"> </span></p>
<p><b><span data-contrast="auto">Website: </span></b><a href="https://homologacaosites.rj.sebrae.com.br/crab/"><span data-contrast="none">https://homologacaosites.rj.sebrae.com.br/crab/</span></a><span data-ccp-props="{&quot;335551550&quot;:6,&quot;335551620&quot;:6}"> </span></p>
