{"id":10414,"date":"2023-11-27T16:37:09","date_gmt":"2023-11-27T19:37:09","guid":{"rendered":"https:\/\/crab.rj.sebrae.com.br\/?post_type=programacao&#038;p=10414"},"modified":"2024-03-05T11:45:28","modified_gmt":"2024-03-05T14:45:28","slug":"mangue-e-beats","status":"publish","type":"programacao","link":"https:\/\/homologacaosites.rj.sebrae.com.br\/crab\/programacao\/mangue-e-beats\/","title":{"rendered":"Mostra Mangue e Beats"},"content":{"rendered":"<h1>Conhe\u00e7a a mostra Mangue e Beats!<\/h1>\n<p><iframe title=\"Mostra Manguebeat - Pernambuco\" width=\"800\" height=\"450\" src=\"https:\/\/www.youtube.com\/embed\/UlnR-TnZBlw?feature=oembed\" frameborder=\"0\" allow=\"accelerometer; autoplay; clipboard-write; encrypted-media; gyroscope; picture-in-picture; web-share\" allowfullscreen><\/iframe><\/p>\n<h1>Sobre a Mostra Mangue e Beats<\/h1>\n<p>A exposi\u00e7\u00e3o Mangue e Beats tra\u00e7a o hist\u00f3rico e faz um tributo ao movimento Manguebeat, surgido em Recife no come\u00e7o dos anos 90, a partir da m\u00fasica e da atitude revolucion\u00e1ria de Chico Science. Apresenta de forma l\u00fadica as influ\u00eancias do movimento sobre a m\u00fasica atual e outros setores, como a moda, e at\u00e9 sua associa\u00e7\u00e3o ao artesanato pernambucano.<\/p>\n<p>O visitante se depara com grandes imagens mostrando o manguezal, ecossistema caracter\u00edstico de Recife, encontrado em todas as regi\u00f5es de climas tropical e subtropical no planeta, e que se tornou s\u00edmbolo e denominador da cena que misturou a cultural popular do maracatu, do coco, do cavalo marinho, ao hip-hop, rock e m\u00fasica eletr\u00f4nica. Chico Science cresceu pr\u00f3ximo ao manguezal, de onde muitos retiram seu sustento coletando caranguejos para consumo e comercializa\u00e7\u00e3o. Esta realidade est\u00e1 presente no movimento.<\/p>\n<p>Na trilha sonora da exposi\u00e7\u00e3o, sons contempor\u00e2neos influenciados pelo Manguebeat e por Chico Science.<\/p>\n<p>Na moda, criadores pernambucanos de moda autoral mostram pe\u00e7as referenciais \u00e0 est\u00e9tica do movimento, que usou, em seus figurinos, muito brilho (como as vestes do maracatu), as cores vivas da chita, os chap\u00e9us de palha (marca registrada de Chico, assim como seus \u00f3culos Ray-Ban).<\/p>\n<p>Uma ambienta\u00e7\u00e3o recria o bar Soparia, ponto de encontro de todos os atores e adeptos da cena do Manguebeat, criado por Roger de Renor em 1992, frequentado por Chico Scinece e Na\u00e7\u00e3o Zumbi, Banda Mundo Livre S\/A e muitos outros m\u00fasicos que, de forma espont\u00e2nea, se apresentavam no local. Objetos do pr\u00f3prio bar est\u00e3o na exposi\u00e7\u00e3o recriando o ambiente e um document\u00e1rio conta essa hist\u00f3ria. Estar\u00e1 \u00e0 venda na loja do CRAB o livro <em>Soparia: De Boteco a Palco de Todos os Sons<\/em>, de Jos\u00e9 Teles (Companhia Editora de Pernambuco), lan\u00e7ado na abertura da exposi\u00e7\u00e3o.<\/p>\n<p>No artesanato, pe\u00e7as nas quais se enxerga o Manguebeat, como esculturas de caranguejos, um dos principais s\u00edmbolos do movimento, e pe\u00e7as de Mestre Abias, por exemplo, que usa galhos recolhidos no mangue para suas esculturas, trazendo a\u00ed tamb\u00e9m o conceito de reciclagem, usado no Manguebeat; da mesma forma, \u00a0Artesanato feito com material coletado no mangue, como conchas de marisco. Destaque para a gola (que muitos chamam de capa) de maracatu, confeccionada por 8 dos 15 filhos do grande Mestre Salustiano, tendo como tema o Manguebeat, expresso no desenho de caranguejos e de Chico Science, que, em vida se aproximou muito deste Mestre brincante do maracatu, que lhe emprestava vestimentas de seu Maracatu Piaba de Ouro para ele usar nos shows.<\/p>\n<p>Todo este universo estar\u00e1 presente na exposi\u00e7\u00e3o, que traz, ainda, v\u00eddeos e o Manifesto do Manguebeat, escrito em 1992 por Fred Zero 4, um dos parceiros de Chico na efervesc\u00eancia do movimento.<\/p>\n<p>&nbsp;<\/p>\n<h2><strong>Servi\u00e7o:<\/strong><\/h2>\n<p>Exposi\u00e7\u00e3o:\u00a0<strong>Mostra Mangue e Beats<\/strong><\/p>\n<p>Data: 29 de novembro de 2023 a 28 de fevereiro de 2024<\/p>\n<p>Ingresso: Entrada gratuita (apresenta\u00e7\u00e3o de documento com foto)<\/p>\n<p>Local:\u00a0<a href=\"https:\/\/homologacaosites.rj.sebrae.com.br\/crab\/sobre-o-crab\/\">CRAB Sebrae<\/a><\/p>\n<p>Endere\u00e7o: Pra\u00e7a Tiradentes, 69 \u2013 Centro, Rio de Janeiro (RJ)<\/p>\n<p>&nbsp;<\/p>\n<h1><strong>Sobre o CRAB<\/strong><\/h1>\n<p>O Centro Sebrae de Refer\u00eancia do Artesanato Brasileiro (CRAB), criado em mar\u00e7o de 2016 em um pr\u00e9dio hist\u00f3rico da Pra\u00e7a Tiradentes, no Centro do Rio de Janeiro, realiza atividades que refor\u00e7am sua miss\u00e3o de promover o artesanato nacional e contribuir para qualificar a imagem dos produtos feitos \u00e0 m\u00e3o no Brasil. \u201cO objetivo do CRAB \u00e9 aumentar o valor de mercado dessa importante e linda arte popular, por meio do reposicionamento estrat\u00e9gico de sua cadeia produtiva\u201d, explica o diretor de Desenvolvimento do Sebrae Rio, Sergio Malta.<\/p>\n<p>Com uma rica programa\u00e7\u00e3o de conte\u00fados e exposi\u00e7\u00f5es, o CRAB celebra as manifesta\u00e7\u00f5es culturais relacionadas ao artesanato, atraindo o p\u00fablico para o di\u00e1logo, sem perder a ess\u00eancia da Identidade Sebrae \u2013 agente estimulador do empreendedorismo por meio da competitividade e do desenvolvimento sustent\u00e1vel dos pequenos neg\u00f3cios. Nesse sentido, o CRAB \u00e9 uma ferramenta mercadol\u00f3gica importante para o aperfei\u00e7oamento e capacita\u00e7\u00e3o do setor socioecon\u00f4mico, dando visibilidade \u00e0s identidades culturais de todo o territ\u00f3rio brasileiro.<\/p>\n<p>Desde sua inaugura\u00e7\u00e3o, o CRAB realizou 30 grandes exposi\u00e7\u00f5es e mostras; reestruturou seu acervo e sua pol\u00edtica de conserva\u00e7\u00e3o e cataloga\u00e7\u00e3o de pe\u00e7as; desenvolveu, captou e disseminou conte\u00fados estrat\u00e9gicos do artesanato; estabeleceu o Programa de Visitas Guiadas, o Programa Educativo e o Programa Ocupa\u00e7\u00f5es (com mostras de artesanato de todo o pa\u00eds); al\u00e9m de ter participado de diversos eventos estrat\u00e9gicos que contribu\u00edram para o seu posicionamento enquanto equipamento cultural que dissemina conhecimento e experi\u00eancias inventivas.<\/p>\n<p>Em suas galerias est\u00e3o ou passaram importantes trabalhos de artesanato, revelando hist\u00f3rias, origens e territ\u00f3rios. Atualmente, abriga uma cole\u00e7\u00e3o de 1.700 itens de todos os tipos, que representam a express\u00e3o da cultura popular e da criatividade brasileiras. Entre as obras mais significativas est\u00e3o cer\u00e2micas de Zezinha do Vale de Jequitinhonha (MG), de Jo\u00e3o Borges (Teresina-PI), Jo\u00e3o das Alagoas (Capela-AL), Maria Sil (Capela-AL) e as esculturas em madeira de Abelardo dos Santos (Ilha do Ferro-PI).<\/p>\n","protected":false},"featured_media":10425,"template":"","opcoes-da-programacao":[],"tipos-de-eventos-jet":[254],"class_list":["post-10414","programacao","type-programacao","status-publish","has-post-thumbnail","hentry","programacao_group-memoria-crab","tipos-de-eventos-jet-mostra"],"_links":{"self":[{"href":"https:\/\/homologacaosites.rj.sebrae.com.br\/crab\/wp-json\/wp\/v2\/programacao\/10414","targetHints":{"allow":["GET"]}}],"collection":[{"href":"https:\/\/homologacaosites.rj.sebrae.com.br\/crab\/wp-json\/wp\/v2\/programacao"}],"about":[{"href":"https:\/\/homologacaosites.rj.sebrae.com.br\/crab\/wp-json\/wp\/v2\/types\/programacao"}],"wp:featuredmedia":[{"embeddable":true,"href":"https:\/\/homologacaosites.rj.sebrae.com.br\/crab\/wp-json\/wp\/v2\/media\/10425"}],"wp:attachment":[{"href":"https:\/\/homologacaosites.rj.sebrae.com.br\/crab\/wp-json\/wp\/v2\/media?parent=10414"}],"wp:term":[{"taxonomy":"opcoes-da-programacao","embeddable":true,"href":"https:\/\/homologacaosites.rj.sebrae.com.br\/crab\/wp-json\/wp\/v2\/opcoes-da-programacao?post=10414"},{"taxonomy":"tipos-de-eventos-jet","embeddable":true,"href":"https:\/\/homologacaosites.rj.sebrae.com.br\/crab\/wp-json\/wp\/v2\/tipos-de-eventos-jet?post=10414"}],"curies":[{"name":"wp","href":"https:\/\/api.w.org\/{rel}","templated":true}]}}

<h1>Conheça a mostra Mangue e Beats!</h1>
<p><iframe title="Mostra Manguebeat - Pernambuco" width="800" height="450" src="https://www.youtube.com/embed/UlnR-TnZBlw?feature=oembed" frameborder="0" allow="accelerometer; autoplay; clipboard-write; encrypted-media; gyroscope; picture-in-picture; web-share" allowfullscreen></iframe></p>
<h1>Sobre a Mostra Mangue e Beats</h1>
<p>A exposição Mangue e Beats traça o histórico e faz um tributo ao movimento Manguebeat, surgido em Recife no começo dos anos 90, a partir da música e da atitude revolucionária de Chico Science. Apresenta de forma lúdica as influências do movimento sobre a música atual e outros setores, como a moda, e até sua associação ao artesanato pernambucano.</p>
<p>O visitante se depara com grandes imagens mostrando o manguezal, ecossistema característico de Recife, encontrado em todas as regiões de climas tropical e subtropical no planeta, e que se tornou símbolo e denominador da cena que misturou a cultural popular do maracatu, do coco, do cavalo marinho, ao hip-hop, rock e música eletrônica. Chico Science cresceu próximo ao manguezal, de onde muitos retiram seu sustento coletando caranguejos para consumo e comercialização. Esta realidade está presente no movimento.</p>
<p>Na trilha sonora da exposição, sons contemporâneos influenciados pelo Manguebeat e por Chico Science.</p>
<p>Na moda, criadores pernambucanos de moda autoral mostram peças referenciais à estética do movimento, que usou, em seus figurinos, muito brilho (como as vestes do maracatu), as cores vivas da chita, os chapéus de palha (marca registrada de Chico, assim como seus óculos Ray-Ban).</p>
<p>Uma ambientação recria o bar Soparia, ponto de encontro de todos os atores e adeptos da cena do Manguebeat, criado por Roger de Renor em 1992, frequentado por Chico Scinece e Nação Zumbi, Banda Mundo Livre S/A e muitos outros músicos que, de forma espontânea, se apresentavam no local. Objetos do próprio bar estão na exposição recriando o ambiente e um documentário conta essa história. Estará à venda na loja do CRAB o livro <em>Soparia: De Boteco a Palco de Todos os Sons</em>, de José Teles (Companhia Editora de Pernambuco), lançado na abertura da exposição.</p>
<p>No artesanato, peças nas quais se enxerga o Manguebeat, como esculturas de caranguejos, um dos principais símbolos do movimento, e peças de Mestre Abias, por exemplo, que usa galhos recolhidos no mangue para suas esculturas, trazendo aí também o conceito de reciclagem, usado no Manguebeat; da mesma forma,  Artesanato feito com material coletado no mangue, como conchas de marisco. Destaque para a gola (que muitos chamam de capa) de maracatu, confeccionada por 8 dos 15 filhos do grande Mestre Salustiano, tendo como tema o Manguebeat, expresso no desenho de caranguejos e de Chico Science, que, em vida se aproximou muito deste Mestre brincante do maracatu, que lhe emprestava vestimentas de seu Maracatu Piaba de Ouro para ele usar nos shows.</p>
<p>Todo este universo estará presente na exposição, que traz, ainda, vídeos e o Manifesto do Manguebeat, escrito em 1992 por Fred Zero 4, um dos parceiros de Chico na efervescência do movimento.</p>
<p>&nbsp;</p>
<h2><strong>Serviço:</strong></h2>
<p>Exposição: <strong>Mostra Mangue e Beats</strong></p>
<p>Data: 29 de novembro de 2023 a 28 de fevereiro de 2024</p>
<p>Ingresso: Entrada gratuita (apresentação de documento com foto)</p>
<p>Local: <a href="https://homologacaosites.rj.sebrae.com.br/crab/sobre-o-crab/">CRAB Sebrae</a></p>
<p>Endereço: Praça Tiradentes, 69 – Centro, Rio de Janeiro (RJ)</p>
<p>&nbsp;</p>
<h1><strong>Sobre o CRAB</strong></h1>
<p>O Centro Sebrae de Referência do Artesanato Brasileiro (CRAB), criado em março de 2016 em um prédio histórico da Praça Tiradentes, no Centro do Rio de Janeiro, realiza atividades que reforçam sua missão de promover o artesanato nacional e contribuir para qualificar a imagem dos produtos feitos à mão no Brasil. “O objetivo do CRAB é aumentar o valor de mercado dessa importante e linda arte popular, por meio do reposicionamento estratégico de sua cadeia produtiva”, explica o diretor de Desenvolvimento do Sebrae Rio, Sergio Malta.</p>
<p>Com uma rica programação de conteúdos e exposições, o CRAB celebra as manifestações culturais relacionadas ao artesanato, atraindo o público para o diálogo, sem perder a essência da Identidade Sebrae – agente estimulador do empreendedorismo por meio da competitividade e do desenvolvimento sustentável dos pequenos negócios. Nesse sentido, o CRAB é uma ferramenta mercadológica importante para o aperfeiçoamento e capacitação do setor socioeconômico, dando visibilidade às identidades culturais de todo o território brasileiro.</p>
<p>Desde sua inauguração, o CRAB realizou 30 grandes exposições e mostras; reestruturou seu acervo e sua política de conservação e catalogação de peças; desenvolveu, captou e disseminou conteúdos estratégicos do artesanato; estabeleceu o Programa de Visitas Guiadas, o Programa Educativo e o Programa Ocupações (com mostras de artesanato de todo o país); além de ter participado de diversos eventos estratégicos que contribuíram para o seu posicionamento enquanto equipamento cultural que dissemina conhecimento e experiências inventivas.</p>
<p>Em suas galerias estão ou passaram importantes trabalhos de artesanato, revelando histórias, origens e territórios. Atualmente, abriga uma coleção de 1.700 itens de todos os tipos, que representam a expressão da cultura popular e da criatividade brasileiras. Entre as obras mais significativas estão cerâmicas de Zezinha do Vale de Jequitinhonha (MG), de João Borges (Teresina-PI), João das Alagoas (Capela-AL), Maria Sil (Capela-AL) e as esculturas em madeira de Abelardo dos Santos (Ilha do Ferro-PI).</p>
