{"id":10762,"date":"2024-05-22T17:23:14","date_gmt":"2024-05-22T20:23:14","guid":{"rendered":"https:\/\/crab.rj.sebrae.com.br\/?post_type=programacao&#038;p=10762"},"modified":"2024-05-24T09:31:25","modified_gmt":"2024-05-24T12:31:25","slug":"gente-peixe","status":"publish","type":"programacao","link":"https:\/\/homologacaosites.rj.sebrae.com.br\/crab\/programacao\/gente-peixe\/","title":{"rendered":"Gente Peixe"},"content":{"rendered":"<p><span class=\"TextRun SCXW191628265 BCX0\" lang=\"PT-BR\" xml:lang=\"PT-BR\" data-contrast=\"auto\"><span class=\"NormalTextRun SCXW191628265 BCX0\">O CRAB (Centro Sebrae de Refer\u00eancia do Artesanato Brasileiro) apresenta a exposi\u00e7\u00e3o <strong>Gente Peixe<\/strong> \u2013 a primeira mostra dedicada exclusivamente \u00e0 cultura ind\u00edgena brasileira. \u00c9 uma homenagem \u00e0 arte popular de um dos locais mais ricos do pa\u00eds \u2013 a regi\u00e3o do Rio Negro, no noroeste da Amaz\u00f4nia brasileira. L\u00e1 convivem 22 povos de matizes culturais diferentes em um sistema que compartilha conhecimentos cosmol\u00f3gicos, de rituais, ecol\u00f3gicos, econ\u00f4micos, sociol\u00f3gicos, t\u00e9cnicos, est\u00e9ticos e art\u00edsticos. Percorrer as salas desta mostra levar\u00e1 o visitante a uma viagem de encantamento. O CRAB, assim, refor\u00e7a sua miss\u00e3o de promover o artesanato nacional e contribuir para qualificar a imagem dos produtos feitos \u00e0 m\u00e3o no Brasil.<\/span><\/span><span class=\"EOP SCXW191628265 BCX0\" data-ccp-props=\"{&quot;335551550&quot;:6,&quot;335551620&quot;:6}\">\u00a0<\/span><\/p>\n<p>Acompanhe a visita guiada virtual da Exposi\u00e7\u00e3o:<\/p>\n<p><iframe title=\"Visita virtual da Exposi\u00e7\u00e3o &quot;Gente Peixe&quot;\" width=\"800\" height=\"450\" src=\"https:\/\/www.youtube.com\/embed\/Z7ynmPF4WvA?feature=oembed\" frameborder=\"0\" allow=\"accelerometer; autoplay; clipboard-write; encrypted-media; gyroscope; picture-in-picture; web-share\" referrerpolicy=\"strict-origin-when-cross-origin\" allowfullscreen><\/iframe><\/p>\n<p>&nbsp;<\/p>\n<p><span class=\"TextRun SCXW108905438 BCX0\" lang=\"PT-BR\" xml:lang=\"PT-BR\" data-contrast=\"auto\"><span class=\"NormalTextRun SCXW108905438 BCX0\">Centrada nos conhecimentos tradicionais dos povos do Rio Negro, a exposi\u00e7\u00e3o Gente Peixe apresenta uma viagem imersiva a uma das mais ricas regi\u00f5es culturais do Brasil.<\/span><\/span><span class=\"EOP SCXW108905438 BCX0\" data-ccp-props=\"{&quot;335551550&quot;:6,&quot;335551620&quot;:6}\">\u00a0<\/span><\/p>\n<p><span data-contrast=\"auto\">Apoiada em relatos m\u00edticos sobre a origem do mundo, das pessoas e das coisas, Gente Peixe leva o visitante a descobrir hist\u00f3rias, origens e territ\u00f3rios relacionados ao modo como os povos da regi\u00e3o do Rio Negro criam objetos como express\u00e3o de sua cultura e criatividade, refazendo, numa escala humana, a cria\u00e7\u00e3o c\u00f3smica.<\/span><span data-ccp-props=\"{&quot;335551550&quot;:6,&quot;335551620&quot;:6}\">\u00a0<\/span><\/p>\n<p><span data-contrast=\"auto\">Somando mais de 30 mil pessoas em toda a regi\u00e3o, os povos ind\u00edgenas do Rio Negro habitam o noroeste da Amaz\u00f4nia brasileira, fronteira com a Col\u00f4mbia e Venezuela, h\u00e1 mais de 2000 anos \u2013 e de modo cont\u00ednuo. Seus conhecimentos se expressam em l\u00ednguas pertencentes \u00e0s fam\u00edlias e troncos lingu\u00edsticos Tukano Oriental, Arawak, Nadehup e Tupi \u2013 esta \u00faltima introduzida por mission\u00e1rios crist\u00e3os em tempos coloniais.<\/span><span data-ccp-props=\"{&quot;335551550&quot;:6,&quot;335551620&quot;:6}\">\u00a0<\/span><\/p>\n","protected":false},"featured_media":11963,"template":"","opcoes-da-programacao":[],"tipos-de-eventos-jet":[78],"class_list":["post-10762","programacao","type-programacao","status-publish","has-post-thumbnail","hentry","programacao_group-memoria-crab","tipos-de-eventos-jet-visitas"],"_links":{"self":[{"href":"https:\/\/homologacaosites.rj.sebrae.com.br\/crab\/wp-json\/wp\/v2\/programacao\/10762","targetHints":{"allow":["GET"]}}],"collection":[{"href":"https:\/\/homologacaosites.rj.sebrae.com.br\/crab\/wp-json\/wp\/v2\/programacao"}],"about":[{"href":"https:\/\/homologacaosites.rj.sebrae.com.br\/crab\/wp-json\/wp\/v2\/types\/programacao"}],"wp:featuredmedia":[{"embeddable":true,"href":"https:\/\/homologacaosites.rj.sebrae.com.br\/crab\/wp-json\/wp\/v2\/media\/11963"}],"wp:attachment":[{"href":"https:\/\/homologacaosites.rj.sebrae.com.br\/crab\/wp-json\/wp\/v2\/media?parent=10762"}],"wp:term":[{"taxonomy":"opcoes-da-programacao","embeddable":true,"href":"https:\/\/homologacaosites.rj.sebrae.com.br\/crab\/wp-json\/wp\/v2\/opcoes-da-programacao?post=10762"},{"taxonomy":"tipos-de-eventos-jet","embeddable":true,"href":"https:\/\/homologacaosites.rj.sebrae.com.br\/crab\/wp-json\/wp\/v2\/tipos-de-eventos-jet?post=10762"}],"curies":[{"name":"wp","href":"https:\/\/api.w.org\/{rel}","templated":true}]}}

<p><span class="TextRun SCXW191628265 BCX0" lang="PT-BR" xml:lang="PT-BR" data-contrast="auto"><span class="NormalTextRun SCXW191628265 BCX0">O CRAB (Centro Sebrae de Referência do Artesanato Brasileiro) apresenta a exposição <strong>Gente Peixe</strong> – a primeira mostra dedicada exclusivamente à cultura indígena brasileira. É uma homenagem à arte popular de um dos locais mais ricos do país – a região do Rio Negro, no noroeste da Amazônia brasileira. Lá convivem 22 povos de matizes culturais diferentes em um sistema que compartilha conhecimentos cosmológicos, de rituais, ecológicos, econômicos, sociológicos, técnicos, estéticos e artísticos. Percorrer as salas desta mostra levará o visitante a uma viagem de encantamento. O CRAB, assim, reforça sua missão de promover o artesanato nacional e contribuir para qualificar a imagem dos produtos feitos à mão no Brasil.</span></span><span class="EOP SCXW191628265 BCX0" data-ccp-props="{&quot;335551550&quot;:6,&quot;335551620&quot;:6}"> </span></p>
<p>Acompanhe a visita guiada virtual da Exposição:</p>
<p><iframe title="Visita virtual da Exposição &quot;Gente Peixe&quot;" width="800" height="450" src="https://www.youtube.com/embed/Z7ynmPF4WvA?feature=oembed" frameborder="0" allow="accelerometer; autoplay; clipboard-write; encrypted-media; gyroscope; picture-in-picture; web-share" referrerpolicy="strict-origin-when-cross-origin" allowfullscreen></iframe></p>
<p>&nbsp;</p>
<p><span class="TextRun SCXW108905438 BCX0" lang="PT-BR" xml:lang="PT-BR" data-contrast="auto"><span class="NormalTextRun SCXW108905438 BCX0">Centrada nos conhecimentos tradicionais dos povos do Rio Negro, a exposição Gente Peixe apresenta uma viagem imersiva a uma das mais ricas regiões culturais do Brasil.</span></span><span class="EOP SCXW108905438 BCX0" data-ccp-props="{&quot;335551550&quot;:6,&quot;335551620&quot;:6}"> </span></p>
<p><span data-contrast="auto">Apoiada em relatos míticos sobre a origem do mundo, das pessoas e das coisas, Gente Peixe leva o visitante a descobrir histórias, origens e territórios relacionados ao modo como os povos da região do Rio Negro criam objetos como expressão de sua cultura e criatividade, refazendo, numa escala humana, a criação cósmica.</span><span data-ccp-props="{&quot;335551550&quot;:6,&quot;335551620&quot;:6}"> </span></p>
<p><span data-contrast="auto">Somando mais de 30 mil pessoas em toda a região, os povos indígenas do Rio Negro habitam o noroeste da Amazônia brasileira, fronteira com a Colômbia e Venezuela, há mais de 2000 anos – e de modo contínuo. Seus conhecimentos se expressam em línguas pertencentes às famílias e troncos linguísticos Tukano Oriental, Arawak, Nadehup e Tupi – esta última introduzida por missionários cristãos em tempos coloniais.</span><span data-ccp-props="{&quot;335551550&quot;:6,&quot;335551620&quot;:6}"> </span></p>
