{"id":10931,"date":"2024-02-20T17:03:39","date_gmt":"2024-02-20T20:03:39","guid":{"rendered":"https:\/\/crab.rj.sebrae.com.br\/?post_type=programacao&#038;p=10931"},"modified":"2024-10-10T15:08:04","modified_gmt":"2024-10-10T18:08:04","slug":"papo-crab-escultores-populares-do-nordeste","status":"publish","type":"programacao","link":"https:\/\/homologacaosites.rj.sebrae.com.br\/crab\/programacao\/papo-crab-escultores-populares-do-nordeste\/","title":{"rendered":"Bate-papo com o autor &#8211; Escultores Populares do Nordeste"},"content":{"rendered":"<p>No dia 28 de fevereiro, a Midiateca do Centro Sebrae de Refer\u00eancia do Artesanato Brasileiro (CRAB) recebeu o evento\u00a0<a href=\"https:\/\/homologacaosites.rj.sebrae.com.br\/crab\/papo-crab-com-flavia-martins-reinado-da-lua\/\">Papo CRAB \u2013 bate-papo com o autor: Escultores Populares do Nordeste<\/a>, conduzido pela escritora Fl\u00e1via Martins, autora do livro \u201cO Reinado da Lua\u201d. Ela discutiu a import\u00e2ncia da arte popular e seu impacto na sociedade brasileira, compartilhando insights de sua pesquisa e destacando a valoriza\u00e7\u00e3o dos artistas populares.<\/p>\n<p>Se voc\u00ea n\u00e3o pode participar ou quer relembrar a imers\u00e3o na riqueza da arte popular brasileira e sua preserva\u00e7\u00e3o cultural, assista aqui ao v\u00eddeo completo do nosso Papo CRAB!<\/p>\n<p>&nbsp;<\/p>\n<p><iframe title=\"Papo CRAB: bate-papo com o autor | Escultores Populares do Nordeste\" width=\"800\" height=\"450\" src=\"https:\/\/www.youtube.com\/embed\/VU7uIERU_W8?feature=oembed\" frameborder=\"0\" allow=\"accelerometer; autoplay; clipboard-write; encrypted-media; gyroscope; picture-in-picture; web-share\" referrerpolicy=\"strict-origin-when-cross-origin\" allowfullscreen><\/iframe><\/p>\n","protected":false},"featured_media":11397,"template":"","opcoes-da-programacao":[],"tipos-de-eventos-jet":[273],"class_list":["post-10931","programacao","type-programacao","status-publish","has-post-thumbnail","hentry","programacao_group-crab-online","tipos-de-eventos-jet-papo-crab"],"_links":{"self":[{"href":"https:\/\/homologacaosites.rj.sebrae.com.br\/crab\/wp-json\/wp\/v2\/programacao\/10931","targetHints":{"allow":["GET"]}}],"collection":[{"href":"https:\/\/homologacaosites.rj.sebrae.com.br\/crab\/wp-json\/wp\/v2\/programacao"}],"about":[{"href":"https:\/\/homologacaosites.rj.sebrae.com.br\/crab\/wp-json\/wp\/v2\/types\/programacao"}],"wp:featuredmedia":[{"embeddable":true,"href":"https:\/\/homologacaosites.rj.sebrae.com.br\/crab\/wp-json\/wp\/v2\/media\/11397"}],"wp:attachment":[{"href":"https:\/\/homologacaosites.rj.sebrae.com.br\/crab\/wp-json\/wp\/v2\/media?parent=10931"}],"wp:term":[{"taxonomy":"opcoes-da-programacao","embeddable":true,"href":"https:\/\/homologacaosites.rj.sebrae.com.br\/crab\/wp-json\/wp\/v2\/opcoes-da-programacao?post=10931"},{"taxonomy":"tipos-de-eventos-jet","embeddable":true,"href":"https:\/\/homologacaosites.rj.sebrae.com.br\/crab\/wp-json\/wp\/v2\/tipos-de-eventos-jet?post=10931"}],"curies":[{"name":"wp","href":"https:\/\/api.w.org\/{rel}","templated":true}]}}

<p>No dia 28 de fevereiro, a Midiateca do Centro Sebrae de Referência do Artesanato Brasileiro (CRAB) recebeu o evento <a href="https://homologacaosites.rj.sebrae.com.br/crab/papo-crab-com-flavia-martins-reinado-da-lua/">Papo CRAB – bate-papo com o autor: Escultores Populares do Nordeste</a>, conduzido pela escritora Flávia Martins, autora do livro “O Reinado da Lua”. Ela discutiu a importância da arte popular e seu impacto na sociedade brasileira, compartilhando insights de sua pesquisa e destacando a valorização dos artistas populares.</p>
<p>Se você não pode participar ou quer relembrar a imersão na riqueza da arte popular brasileira e sua preservação cultural, assista aqui ao vídeo completo do nosso Papo CRAB!</p>
<p>&nbsp;</p>
<p><iframe title="Papo CRAB: bate-papo com o autor | Escultores Populares do Nordeste" width="800" height="450" src="https://www.youtube.com/embed/VU7uIERU_W8?feature=oembed" frameborder="0" allow="accelerometer; autoplay; clipboard-write; encrypted-media; gyroscope; picture-in-picture; web-share" referrerpolicy="strict-origin-when-cross-origin" allowfullscreen></iframe></p>
