{"id":11035,"date":"2024-03-11T18:24:50","date_gmt":"2024-03-11T21:24:50","guid":{"rendered":"https:\/\/crab.rj.sebrae.com.br\/?post_type=programacao&#038;p=11035"},"modified":"2024-10-10T15:08:25","modified_gmt":"2024-10-10T18:08:25","slug":"dia-do-artesao-2","status":"publish","type":"programacao","link":"https:\/\/homologacaosites.rj.sebrae.com.br\/crab\/programacao\/dia-do-artesao-2\/","title":{"rendered":"Territ\u00f3rios Criativos: artesanato como economia portadora de futuro &#8211; Comemora\u00e7\u00e3o do Dia do Artes\u00e3o"},"content":{"rendered":"<p>No dia 26 de mar\u00e7o de 2024, o CRAB e o Sebrae apresentaram um dia repleto de palestras, pain\u00e9is e lan\u00e7amentos emocionantes, tudo focado na valoriza\u00e7\u00e3o do trabalho dos artes\u00e3os brasileiros. Com a participa\u00e7\u00e3o de atores importantes como o Presidente do Sebrae, o Diretor de Desenvolvimento do Sebrae Rio e as Presidentes da CNARTS e da CONART.<\/p>\n<p>Destacou-se a palestra inspiradora de Ronaldo Fraga sobre o artesanato na perspectiva do turismo, seguida por pain\u00e9is que exploraram o envolvimento de empresas privadas no apoio ao artesanato como motor de desenvolvimento, as diversas rotas criativas no turismo e o potencial do artesanato como uma economia sustent\u00e1vel e promissora. Diversos convidados compartilharam suas experi\u00eancias, incluindo representantes de empresas como Osklen e Catarina Mina, gestores de projetos do Sebrae em diferentes regi\u00f5es e especialistas em economia criativa e sustentabilidade.<\/p>\n<p>&nbsp;<\/p>\n<p>Se voc\u00ea n\u00e3o conseguiu acompanhar ou deseja rever essa programa\u00e7\u00e3o incr\u00edvel, assista abaixo a nosstra transmiss\u00e3o!<\/p>\n<p><iframe title=\"Territ\u00f3rios Criativos: artesanato como economia portadora de futuro - Comemora\u00e7\u00e3o do Dia do Artes\u00e3o\" width=\"800\" height=\"450\" src=\"https:\/\/www.youtube.com\/embed\/VZ_rQkHwAW0?feature=oembed\" frameborder=\"0\" allow=\"accelerometer; autoplay; clipboard-write; encrypted-media; gyroscope; picture-in-picture; web-share\" referrerpolicy=\"strict-origin-when-cross-origin\" allowfullscreen><\/iframe><\/p>\n<p>&nbsp;<\/p>\n<p>&nbsp;<\/p>\n","protected":false},"featured_media":11396,"template":"","opcoes-da-programacao":[],"tipos-de-eventos-jet":[79],"class_list":["post-11035","programacao","type-programacao","status-publish","has-post-thumbnail","hentry","programacao_group-crab-online","tipos-de-eventos-jet-palestras"],"_links":{"self":[{"href":"https:\/\/homologacaosites.rj.sebrae.com.br\/crab\/wp-json\/wp\/v2\/programacao\/11035","targetHints":{"allow":["GET"]}}],"collection":[{"href":"https:\/\/homologacaosites.rj.sebrae.com.br\/crab\/wp-json\/wp\/v2\/programacao"}],"about":[{"href":"https:\/\/homologacaosites.rj.sebrae.com.br\/crab\/wp-json\/wp\/v2\/types\/programacao"}],"wp:featuredmedia":[{"embeddable":true,"href":"https:\/\/homologacaosites.rj.sebrae.com.br\/crab\/wp-json\/wp\/v2\/media\/11396"}],"wp:attachment":[{"href":"https:\/\/homologacaosites.rj.sebrae.com.br\/crab\/wp-json\/wp\/v2\/media?parent=11035"}],"wp:term":[{"taxonomy":"opcoes-da-programacao","embeddable":true,"href":"https:\/\/homologacaosites.rj.sebrae.com.br\/crab\/wp-json\/wp\/v2\/opcoes-da-programacao?post=11035"},{"taxonomy":"tipos-de-eventos-jet","embeddable":true,"href":"https:\/\/homologacaosites.rj.sebrae.com.br\/crab\/wp-json\/wp\/v2\/tipos-de-eventos-jet?post=11035"}],"curies":[{"name":"wp","href":"https:\/\/api.w.org\/{rel}","templated":true}]}}

Territórios Criativos: artesanato como economia portadora de futuro &#8211; Comemoração do Dia do Artesão

<p>No dia 26 de março de 2024, o CRAB e o Sebrae apresentaram um dia repleto de palestras, painéis e lançamentos emocionantes, tudo focado na valorização do trabalho dos artesãos brasileiros. Com a participação de atores importantes como o Presidente do Sebrae, o Diretor de Desenvolvimento do Sebrae Rio e as Presidentes da CNARTS e da CONART.</p>
<p>Destacou-se a palestra inspiradora de Ronaldo Fraga sobre o artesanato na perspectiva do turismo, seguida por painéis que exploraram o envolvimento de empresas privadas no apoio ao artesanato como motor de desenvolvimento, as diversas rotas criativas no turismo e o potencial do artesanato como uma economia sustentável e promissora. Diversos convidados compartilharam suas experiências, incluindo representantes de empresas como Osklen e Catarina Mina, gestores de projetos do Sebrae em diferentes regiões e especialistas em economia criativa e sustentabilidade.</p>
<p>&nbsp;</p>
<p>Se você não conseguiu acompanhar ou deseja rever essa programação incrível, assista abaixo a nosstra transmissão!</p>
<p><iframe title="Territórios Criativos: artesanato como economia portadora de futuro - Comemoração do Dia do Artesão" width="800" height="450" src="https://www.youtube.com/embed/VZ_rQkHwAW0?feature=oembed" frameborder="0" allow="accelerometer; autoplay; clipboard-write; encrypted-media; gyroscope; picture-in-picture; web-share" referrerpolicy="strict-origin-when-cross-origin" allowfullscreen></iframe></p>
<p>&nbsp;</p>
<p>&nbsp;</p>
