{"id":11079,"date":"2024-03-19T14:03:16","date_gmt":"2024-03-19T17:03:16","guid":{"rendered":"https:\/\/crab.rj.sebrae.com.br\/?post_type=programacao&#038;p=11079"},"modified":"2024-04-11T12:31:50","modified_gmt":"2024-04-11T15:31:50","slug":"comemoracao-ao-dia-do-artesao","status":"publish","type":"programacao","link":"https:\/\/homologacaosites.rj.sebrae.com.br\/crab\/programacao\/comemoracao-ao-dia-do-artesao\/","title":{"rendered":"Comemora\u00e7\u00e3o ao dia do artes\u00e3o"},"content":{"rendered":"<p>Voc\u00ea est\u00e1 convidado para comemorar o Dia do Artes\u00e3o e conhecer o Programa Estadual de Artesanato do Sebrae\/CE, onde a criatividade se encontra com a tradi\u00e7\u00e3o!<\/p>\n","protected":false},"featured_media":11080,"template":"","opcoes-da-programacao":[],"tipos-de-eventos-jet":[79],"class_list":["post-11079","programacao","type-programacao","status-publish","has-post-thumbnail","hentry","event_region-nordeste","event_state-ce","programacao_group-evento-presencial","tipos-de-eventos-jet-palestras"],"_links":{"self":[{"href":"https:\/\/homologacaosites.rj.sebrae.com.br\/crab\/wp-json\/wp\/v2\/programacao\/11079","targetHints":{"allow":["GET"]}}],"collection":[{"href":"https:\/\/homologacaosites.rj.sebrae.com.br\/crab\/wp-json\/wp\/v2\/programacao"}],"about":[{"href":"https:\/\/homologacaosites.rj.sebrae.com.br\/crab\/wp-json\/wp\/v2\/types\/programacao"}],"wp:featuredmedia":[{"embeddable":true,"href":"https:\/\/homologacaosites.rj.sebrae.com.br\/crab\/wp-json\/wp\/v2\/media\/11080"}],"wp:attachment":[{"href":"https:\/\/homologacaosites.rj.sebrae.com.br\/crab\/wp-json\/wp\/v2\/media?parent=11079"}],"wp:term":[{"taxonomy":"opcoes-da-programacao","embeddable":true,"href":"https:\/\/homologacaosites.rj.sebrae.com.br\/crab\/wp-json\/wp\/v2\/opcoes-da-programacao?post=11079"},{"taxonomy":"tipos-de-eventos-jet","embeddable":true,"href":"https:\/\/homologacaosites.rj.sebrae.com.br\/crab\/wp-json\/wp\/v2\/tipos-de-eventos-jet?post=11079"}],"curies":[{"name":"wp","href":"https:\/\/api.w.org\/{rel}","templated":true}]}}

Comemoração ao dia do artesão

<p>Você está convidado para comemorar o Dia do Artesão e conhecer o Programa Estadual de Artesanato do Sebrae/CE, onde a criatividade se encontra com a tradição!</p>
