{"id":11148,"date":"2024-03-27T12:38:06","date_gmt":"2024-03-27T15:38:06","guid":{"rendered":"https:\/\/crab.rj.sebrae.com.br\/?post_type=programacao&#038;p=11148"},"modified":"2024-10-06T16:32:25","modified_gmt":"2024-10-06T19:32:25","slug":"solo-criativo","status":"publish","type":"programacao","link":"https:\/\/homologacaosites.rj.sebrae.com.br\/crab\/programacao\/solo-criativo\/","title":{"rendered":"Solo Criativo, uma homenagem aos artes\u00e3os do Brasil"},"content":{"rendered":"<h1><strong>Mostra \u201cSolo Criativo, uma homenagem aos artes\u00e3os do Brasil\u201d<\/strong><\/h1>\n<p>\u201cO objetivo da <a href=\"https:\/\/homologacaosites.rj.sebrae.com.br\/crab\/solo-criativo\/\">Mostra Solo Criativo<\/a> \u00e9 exibir, al\u00e9m da obra, um pouco da vida de cada artes\u00e3o. Por isso, tamb\u00e9m estamos expondo um depoimento pessoal, fotos de seu ambiente criativo e um objeto afetivo e marcante da vida desse artista\u201d, explica um dos curadores da exposi\u00e7\u00e3o, o muse\u00f3logo do CRAB, Victor Glic\u00e9rio. \u201cOptamos por sermos fi\u00e9is a esses artes\u00e3os, aos seus h\u00e1bitos, costumes e rituais. O visitante ver\u00e1 um amplo e rico recorte do artesanato que \u00e9 feito no Brasil\u201d, afirma a analista do CRAB Bruna Santos, tamb\u00e9m curadora da Mostra.<\/p>\n<p><a href=\"https:\/\/homologacaosites.rj.sebrae.com.br\/crab\/solo-criativo\/\">Solo Criativo<\/a> ocupar\u00e1 tr\u00eas salas do CRAB. Na primeira, ser\u00e1 apresentado ao visitante como \u00e9 a produ\u00e7\u00e3o artesanal nas regi\u00f5es do pa\u00eds. Na segunda sala, o visitante conhecer\u00e1 como s\u00e3o as oficinas de artesanato e ser\u00e3o exibidas as t\u00e9cnicas de entalhe em madeira, cer\u00e2mica e tran\u00e7ados em fibras vegetais. Por \u00faltimo, o terceiro espa\u00e7o aproximar\u00e1 o p\u00fablico dos artes\u00e3os, de forma sens\u00edvel e po\u00e9tica.<\/p>\n<p>Ser\u00e3o homenageados os artes\u00e3os: Edy Ribeiro, de Canoas (RS); Get\u00falio Damado, do Rio de Janeiro (RJ); Jefferson Paiva, de Santar\u00e9m (PA); Jo\u00e3o das Alagoas, de Capela (AL); Marcelo Baptista, de Florian\u00f3polis (SC); Mayawari Menhinako, do Alto Xingu (MT); Mestre Nicola, de Jaboat\u00e3o dos Guararapes (PE); Nacib \u2013 N\u00facleo de Arte e Cultura Ind\u00edgena de Barcelos, de Barcelos (AM); Vin\u00edciu Fagundes, de Goi\u00e2nia (GO); e M\u00e1rio Teles, de Divin\u00f3polis (MG).<\/p>\n<p>&nbsp;<\/p>\n<h2><strong>Sobre o CRAB<\/strong><\/h2>\n<p><a href=\"https:\/\/homologacaosites.rj.sebrae.com.br\/crab\/sobre-o-crab\/\">O CRAB<\/a> tem como miss\u00e3o promover o artesanato nacional e contribuir para qualificar a imagem dos produtos feitos \u00e0 m\u00e3o no Brasil. Desde a sua abertura, o CRAB realizou 32 grandes exposi\u00e7\u00f5es e mostras; reestruturou seu acervo e sua pol\u00edtica de conserva\u00e7\u00e3o e cataloga\u00e7\u00e3o de pe\u00e7as; desenvolveu, captou e disseminou conte\u00fados estrat\u00e9gicos do artesanato; estabeleceu o Programa de Visitas Guiadas e o Programa Educativo; al\u00e9m de ter participado de diversos eventos estrat\u00e9gicos que contribu\u00edram para o seu posicionamento enquanto equipamento cultural que dissemina conhecimento e experi\u00eancias inventivas.<\/p>\n<p>Em suas galerias est\u00e3o ou passaram importantes trabalhos de artesanato, revelando hist\u00f3rias, origens e territ\u00f3rios. Atualmente, abriga uma cole\u00e7\u00e3o de 1.700 itens, que representam a express\u00e3o da cultura popular e da criatividade brasileiras. Entre as obras mais significativas est\u00e3o algumas cer\u00e2micas de Zezinha do Vale de Jequitinhonha (MG), de Jo\u00e3o Borges (Teresina-PI), Jo\u00e3o das Alagoas (Capela-AL), Maria Sil (Capela-AL) e as esculturas em madeira de Abelardo dos Santos (Ilha do Ferro-PI). No CRAB, o artesanato \u00e9 valorizado como objeto de arte e de desejo.<\/p>\n<p>&nbsp;<\/p>\n<h2><strong>Presente e passado em pr\u00e9dio hist\u00f3rico<\/strong><\/h2>\n<p>O CRAB tamb\u00e9m \u00e9 um local de mem\u00f3ria urbana e um importante distrito criativo do Rio. O espa\u00e7o possui uma estrutura moderna, que convive com o padr\u00e3o construtivo do s\u00e9culo XVIII. Esse cen\u00e1rio arquitet\u00f4nico revitalizado valoriza e destaca o artesanato brasileiro, contribuindo para a afirma\u00e7\u00e3o cultural da Pra\u00e7a.<\/p>\n<p>No CRAB, as \u00e1reas de conviv\u00eancia s\u00e3o projetadas para estimular relacionamentos e troca de informa\u00e7\u00f5es. H\u00e1 tamb\u00e9m espa\u00e7os multi\u00faso, como audit\u00f3rio e salas para oficinas e workshops \u2013 ambientes destinados \u00e0 capacita\u00e7\u00e3o, forma\u00e7\u00e3o, pesquisa e experimenta\u00e7\u00e3o. O complexo arquitet\u00f4nico do CRAB \u00e9 um bem tombado pelo Instituto do Patrim\u00f4nio Hist\u00f3rico e Art\u00edstico Nacional (IPHAN); Instituto Estadual do Patrim\u00f4nio Cultural (INEPAC) e Instituto Rio Patrim\u00f4nio da Humanidade (IRPH). Os tr\u00eas pr\u00e9dios integram o Corredor Cultural do Rio Antigo.<\/p>\n<p>&nbsp;<\/p>\n<h2><strong><a href=\"https:\/\/homologacaosites.rj.sebrae.com.br\/crab\/solo-criativo\/#top\">Palavra do Curador: Solo Criativo: Uma homenagem aos artes\u00e3os do Brasil<\/a><\/strong><\/h2>\n<p><em><a href=\"https:\/\/homologacaosites.rj.sebrae.com.br\/crab\/solo-criativo\/#top\">Leia mais<\/a><\/em><\/p>\n<p>&nbsp;<\/p>\n<p><strong>Servi\u00e7o:<\/strong><\/p>\n<p>Endere\u00e7o: Pra\u00e7a Tiradentes 69\/71, Centro do Rio de Janeiro<\/p>\n<p>Funcionamento: ter\u00e7a-feira a s\u00e1bado, das 10h \u00e0s 17h<\/p>\n<p>Ingresso: entrada franca (mediante documento com foto)<\/p>\n<p>Website: <a href=\"https:\/\/homologacaosites.rj.sebrae.com.br\/crab\/\">https:\/\/homologacaosites.rj.sebrae.com.br\/crab\/<\/a><\/p>\n","protected":false},"featured_media":11386,"template":"","opcoes-da-programacao":[],"tipos-de-eventos-jet":[80],"class_list":["post-11148","programacao","type-programacao","status-publish","has-post-thumbnail","hentry","event_region-sudeste","event_state-rj","programacao_group-crab-fisico","tipos-de-eventos-jet-talks"],"_links":{"self":[{"href":"https:\/\/homologacaosites.rj.sebrae.com.br\/crab\/wp-json\/wp\/v2\/programacao\/11148","targetHints":{"allow":["GET"]}}],"collection":[{"href":"https:\/\/homologacaosites.rj.sebrae.com.br\/crab\/wp-json\/wp\/v2\/programacao"}],"about":[{"href":"https:\/\/homologacaosites.rj.sebrae.com.br\/crab\/wp-json\/wp\/v2\/types\/programacao"}],"wp:featuredmedia":[{"embeddable":true,"href":"https:\/\/homologacaosites.rj.sebrae.com.br\/crab\/wp-json\/wp\/v2\/media\/11386"}],"wp:attachment":[{"href":"https:\/\/homologacaosites.rj.sebrae.com.br\/crab\/wp-json\/wp\/v2\/media?parent=11148"}],"wp:term":[{"taxonomy":"opcoes-da-programacao","embeddable":true,"href":"https:\/\/homologacaosites.rj.sebrae.com.br\/crab\/wp-json\/wp\/v2\/opcoes-da-programacao?post=11148"},{"taxonomy":"tipos-de-eventos-jet","embeddable":true,"href":"https:\/\/homologacaosites.rj.sebrae.com.br\/crab\/wp-json\/wp\/v2\/tipos-de-eventos-jet?post=11148"}],"curies":[{"name":"wp","href":"https:\/\/api.w.org\/{rel}","templated":true}]}}

Solo Criativo, uma homenagem aos artesãos do Brasil

<h1><strong>Mostra “Solo Criativo, uma homenagem aos artesãos do Brasil”</strong></h1>
<p>“O objetivo da <a href="https://homologacaosites.rj.sebrae.com.br/crab/solo-criativo/">Mostra Solo Criativo</a> é exibir, além da obra, um pouco da vida de cada artesão. Por isso, também estamos expondo um depoimento pessoal, fotos de seu ambiente criativo e um objeto afetivo e marcante da vida desse artista”, explica um dos curadores da exposição, o museólogo do CRAB, Victor Glicério. “Optamos por sermos fiéis a esses artesãos, aos seus hábitos, costumes e rituais. O visitante verá um amplo e rico recorte do artesanato que é feito no Brasil”, afirma a analista do CRAB Bruna Santos, também curadora da Mostra.</p>
<p><a href="https://homologacaosites.rj.sebrae.com.br/crab/solo-criativo/">Solo Criativo</a> ocupará três salas do CRAB. Na primeira, será apresentado ao visitante como é a produção artesanal nas regiões do país. Na segunda sala, o visitante conhecerá como são as oficinas de artesanato e serão exibidas as técnicas de entalhe em madeira, cerâmica e trançados em fibras vegetais. Por último, o terceiro espaço aproximará o público dos artesãos, de forma sensível e poética.</p>
<p>Serão homenageados os artesãos: Edy Ribeiro, de Canoas (RS); Getúlio Damado, do Rio de Janeiro (RJ); Jefferson Paiva, de Santarém (PA); João das Alagoas, de Capela (AL); Marcelo Baptista, de Florianópolis (SC); Mayawari Menhinako, do Alto Xingu (MT); Mestre Nicola, de Jaboatão dos Guararapes (PE); Nacib – Núcleo de Arte e Cultura Indígena de Barcelos, de Barcelos (AM); Viníciu Fagundes, de Goiânia (GO); e Mário Teles, de Divinópolis (MG).</p>
<p>&nbsp;</p>
<h2><strong>Sobre o CRAB</strong></h2>
<p><a href="https://homologacaosites.rj.sebrae.com.br/crab/sobre-o-crab/">O CRAB</a> tem como missão promover o artesanato nacional e contribuir para qualificar a imagem dos produtos feitos à mão no Brasil. Desde a sua abertura, o CRAB realizou 32 grandes exposições e mostras; reestruturou seu acervo e sua política de conservação e catalogação de peças; desenvolveu, captou e disseminou conteúdos estratégicos do artesanato; estabeleceu o Programa de Visitas Guiadas e o Programa Educativo; além de ter participado de diversos eventos estratégicos que contribuíram para o seu posicionamento enquanto equipamento cultural que dissemina conhecimento e experiências inventivas.</p>
<p>Em suas galerias estão ou passaram importantes trabalhos de artesanato, revelando histórias, origens e territórios. Atualmente, abriga uma coleção de 1.700 itens, que representam a expressão da cultura popular e da criatividade brasileiras. Entre as obras mais significativas estão algumas cerâmicas de Zezinha do Vale de Jequitinhonha (MG), de João Borges (Teresina-PI), João das Alagoas (Capela-AL), Maria Sil (Capela-AL) e as esculturas em madeira de Abelardo dos Santos (Ilha do Ferro-PI). No CRAB, o artesanato é valorizado como objeto de arte e de desejo.</p>
<p>&nbsp;</p>
<h2><strong>Presente e passado em prédio histórico</strong></h2>
<p>O CRAB também é um local de memória urbana e um importante distrito criativo do Rio. O espaço possui uma estrutura moderna, que convive com o padrão construtivo do século XVIII. Esse cenário arquitetônico revitalizado valoriza e destaca o artesanato brasileiro, contribuindo para a afirmação cultural da Praça.</p>
<p>No CRAB, as áreas de convivência são projetadas para estimular relacionamentos e troca de informações. Há também espaços multiúso, como auditório e salas para oficinas e workshops – ambientes destinados à capacitação, formação, pesquisa e experimentação. O complexo arquitetônico do CRAB é um bem tombado pelo Instituto do Patrimônio Histórico e Artístico Nacional (IPHAN); Instituto Estadual do Patrimônio Cultural (INEPAC) e Instituto Rio Patrimônio da Humanidade (IRPH). Os três prédios integram o Corredor Cultural do Rio Antigo.</p>
<p>&nbsp;</p>
<h2><strong><a href="https://homologacaosites.rj.sebrae.com.br/crab/solo-criativo/#top">Palavra do Curador: Solo Criativo: Uma homenagem aos artesãos do Brasil</a></strong></h2>
<p><em><a href="https://homologacaosites.rj.sebrae.com.br/crab/solo-criativo/#top">Leia mais</a></em></p>
<p>&nbsp;</p>
<p><strong>Serviço:</strong></p>
<p>Endereço: Praça Tiradentes 69/71, Centro do Rio de Janeiro</p>
<p>Funcionamento: terça-feira a sábado, das 10h às 17h</p>
<p>Ingresso: entrada franca (mediante documento com foto)</p>
<p>Website: <a href="https://homologacaosites.rj.sebrae.com.br/crab/">https://homologacaosites.rj.sebrae.com.br/crab/</a></p>
