{"id":11151,"date":"2024-03-24T22:21:21","date_gmt":"2024-03-25T01:21:21","guid":{"rendered":"https:\/\/crab.rj.sebrae.com.br\/?post_type=programacao&#038;p=11151"},"modified":"2024-04-01T15:19:57","modified_gmt":"2024-04-01T18:19:57","slug":"audiencia-publica-dia-do-artesao","status":"publish","type":"programacao","link":"https:\/\/homologacaosites.rj.sebrae.com.br\/crab\/programacao\/audiencia-publica-dia-do-artesao\/","title":{"rendered":"Audi\u00eancia P\u00fablica &#8211; Dia do Artes\u00e3o"},"content":{"rendered":"","protected":false},"featured_media":11152,"template":"","opcoes-da-programacao":[],"tipos-de-eventos-jet":[79],"class_list":["post-11151","programacao","type-programacao","status-publish","has-post-thumbnail","hentry","event_region-sudeste","event_state-es","programacao_group-evento-presencial","tipos-de-eventos-jet-palestras"],"_links":{"self":[{"href":"https:\/\/homologacaosites.rj.sebrae.com.br\/crab\/wp-json\/wp\/v2\/programacao\/11151","targetHints":{"allow":["GET"]}}],"collection":[{"href":"https:\/\/homologacaosites.rj.sebrae.com.br\/crab\/wp-json\/wp\/v2\/programacao"}],"about":[{"href":"https:\/\/homologacaosites.rj.sebrae.com.br\/crab\/wp-json\/wp\/v2\/types\/programacao"}],"wp:featuredmedia":[{"embeddable":true,"href":"https:\/\/homologacaosites.rj.sebrae.com.br\/crab\/wp-json\/wp\/v2\/media\/11152"}],"wp:attachment":[{"href":"https:\/\/homologacaosites.rj.sebrae.com.br\/crab\/wp-json\/wp\/v2\/media?parent=11151"}],"wp:term":[{"taxonomy":"opcoes-da-programacao","embeddable":true,"href":"https:\/\/homologacaosites.rj.sebrae.com.br\/crab\/wp-json\/wp\/v2\/opcoes-da-programacao?post=11151"},{"taxonomy":"tipos-de-eventos-jet","embeddable":true,"href":"https:\/\/homologacaosites.rj.sebrae.com.br\/crab\/wp-json\/wp\/v2\/tipos-de-eventos-jet?post=11151"}],"curies":[{"name":"wp","href":"https:\/\/api.w.org\/{rel}","templated":true}]}}

Audiência Pública &#8211; Dia do Artesão
