{"id":11687,"date":"2024-04-26T16:03:22","date_gmt":"2024-04-26T19:03:22","guid":{"rendered":"https:\/\/crab.rj.sebrae.com.br\/?post_type=programacao&#038;p=11687"},"modified":"2024-07-22T12:00:21","modified_gmt":"2024-07-22T15:00:21","slug":"crab-empresta-pecas-de-seu-acervo-para-exposicao-no-mar","status":"publish","type":"programacao","link":"https:\/\/homologacaosites.rj.sebrae.com.br\/crab\/programacao\/crab-empresta-pecas-de-seu-acervo-para-exposicao-no-mar\/","title":{"rendered":"CRAB empresta pe\u00e7as de seu acervo para exposi\u00e7\u00e3o no MAR"},"content":{"rendered":"<p>Exposi\u00e7\u00e3o <a href=\"https:\/\/museudeartedorio.org.br\/programacao\/bloco-do-prazer\/\" target=\"_blank\" rel=\"noopener\">Bloco do Prazer<\/a> celebra a festa nas manifesta\u00e7\u00f5es coletivas e individuais no <a href=\"http:\/\/www.museudeartedorio.org.br\/\" target=\"_blank\" rel=\"noopener\">Museu de Arte do Rio<\/a> e apresenta mais de 15 pe\u00e7as do Acervo CRAB.<\/p>\n<p>A mostra inaugurou dia 05 de abril e tem como uma das inspira\u00e7\u00f5es a m\u00fasica interpretada por Gal Costa na d\u00e9cada de 80, e apresenta a p\u00fablico festas e celebra\u00e7\u00f5es que configuram momentos de alegria, catarse, transe e desejo da cultura brasileira.<\/p>\n<p>O Museu de Arte do Rio celebra o prazer das festas e manifesta\u00e7\u00f5es populares, desde festas pag\u00e3s e religiosas at\u00e9 rituais e carnavais, envolvendo m\u00fasica e dan\u00e7a e o CRAB est\u00e1 muito feliz em contribuir com esta iniciativa, enriquecendo ainda mais essa experi\u00eancia cultural.<\/p>\n<p>Quem ainda n\u00e3o foi visitar, relaxa que Bloco do Prazer fica at\u00e9 dia 11 de agosto. \ud83d\ude09<\/p>\n<p>Mais informa\u00e7\u00f5es:<br \/>\n\ud83d\udccdPra\u00e7a Mau\u00e1, 5 &#8211; Centro, Rio de Janeiro<br \/>\n\ud83c\udf9f\ufe0f Inteira 20,00 | Meia 10,00<br \/>\n\ud83d\udd50 Ter\u00e7a a domingo | 11h \u00e0s 18h (\u00faltima entrada \u00e0s 17h)<\/p>\n","protected":false},"featured_media":11688,"template":"","opcoes-da-programacao":[],"tipos-de-eventos-jet":[251],"class_list":["post-11687","programacao","type-programacao","status-publish","has-post-thumbnail","hentry","event_region-sudeste","event_state-rj","programacao_group-crab-expande","tipos-de-eventos-jet-crab-expande"],"_links":{"self":[{"href":"https:\/\/homologacaosites.rj.sebrae.com.br\/crab\/wp-json\/wp\/v2\/programacao\/11687","targetHints":{"allow":["GET"]}}],"collection":[{"href":"https:\/\/homologacaosites.rj.sebrae.com.br\/crab\/wp-json\/wp\/v2\/programacao"}],"about":[{"href":"https:\/\/homologacaosites.rj.sebrae.com.br\/crab\/wp-json\/wp\/v2\/types\/programacao"}],"wp:featuredmedia":[{"embeddable":true,"href":"https:\/\/homologacaosites.rj.sebrae.com.br\/crab\/wp-json\/wp\/v2\/media\/11688"}],"wp:attachment":[{"href":"https:\/\/homologacaosites.rj.sebrae.com.br\/crab\/wp-json\/wp\/v2\/media?parent=11687"}],"wp:term":[{"taxonomy":"opcoes-da-programacao","embeddable":true,"href":"https:\/\/homologacaosites.rj.sebrae.com.br\/crab\/wp-json\/wp\/v2\/opcoes-da-programacao?post=11687"},{"taxonomy":"tipos-de-eventos-jet","embeddable":true,"href":"https:\/\/homologacaosites.rj.sebrae.com.br\/crab\/wp-json\/wp\/v2\/tipos-de-eventos-jet?post=11687"}],"curies":[{"name":"wp","href":"https:\/\/api.w.org\/{rel}","templated":true}]}}

CRAB empresta peças de seu acervo para exposição no MAR

<p>Exposição <a href="https://museudeartedorio.org.br/programacao/bloco-do-prazer/" target="_blank" rel="noopener">Bloco do Prazer</a> celebra a festa nas manifestações coletivas e individuais no <a href="http://www.museudeartedorio.org.br/" target="_blank" rel="noopener">Museu de Arte do Rio</a> e apresenta mais de 15 peças do Acervo CRAB.</p>
<p>A mostra inaugurou dia 05 de abril e tem como uma das inspirações a música interpretada por Gal Costa na década de 80, e apresenta a público festas e celebrações que configuram momentos de alegria, catarse, transe e desejo da cultura brasileira.</p>
<p>O Museu de Arte do Rio celebra o prazer das festas e manifestações populares, desde festas pagãs e religiosas até rituais e carnavais, envolvendo música e dança e o CRAB está muito feliz em contribuir com esta iniciativa, enriquecendo ainda mais essa experiência cultural.</p>
<p>Quem ainda não foi visitar, relaxa que Bloco do Prazer fica até dia 11 de agosto. 😉</p>
<p>Mais informações:<br />
📍Praça Mauá, 5 &#8211; Centro, Rio de Janeiro<br />
🎟️ Inteira 20,00 | Meia 10,00<br />
🕐 Terça a domingo | 11h às 18h (última entrada às 17h)</p>
