{"id":12295,"date":"2024-07-01T15:54:17","date_gmt":"2024-07-01T18:54:17","guid":{"rendered":"https:\/\/homologacaosites.rj.sebrae.com.br\/crab\/?post_type=programacao&#038;p=12295"},"modified":"2024-08-27T14:38:59","modified_gmt":"2024-08-27T17:38:59","slug":"tiradentes-julina","status":"publish","type":"programacao","link":"https:\/\/homologacaosites.rj.sebrae.com.br\/crab\/programacao\/tiradentes-julina\/","title":{"rendered":"Tiradentes Julina"},"content":{"rendered":"<p>O <a href=\"https:\/\/homologacaosites.rj.sebrae.com.br\/crab\/\"><strong>Centro Sebrae de Refer\u00eancia do Artesanato Brasileiro &#8211; CRAB<\/strong><\/a>, apresenta uma iniciativa in\u00e9dita na regi\u00e3o: a primeira Tiradentes Julina! Um evento com comercializa\u00e7\u00e3o de artesanato regional de v\u00e1rios estados brasileiros e comidas t\u00edpicas, al\u00e9m de apresenta\u00e7\u00f5es culturais, barracas de brincadeiras e muito mais!<\/p>\n<p>&nbsp;<\/p>\n<p>A <strong>Tiradente Julina<\/strong> trar\u00e1 dois dias de atra\u00e7\u00f5es para toda fam\u00edlia, promovendo os pequenos neg\u00f3cios atendidos pelos projetos do Sebrae Rio.<\/p>\n<p>&nbsp;<\/p>\n<h2><strong>Conhe\u00e7a nossa programa\u00e7\u00e3o completa e se prepare para aproveitar tudo o que a Tiradentes Julina lhes proporcionar\u00e1!<\/strong><\/h2>\n<p>&nbsp;<\/p>\n<h2><strong>Sexta, 26 de julho | 16h \u00e0s 22h<\/strong><\/h2>\n<p>16h05 Tambor de Crioula | Maranh\u00e3o<\/p>\n<p>14h40 Repentistas |\u00a0 Cear\u00e1<\/p>\n<p>18h55 Bumba-meu-boi de Morros | Maranh\u00e3o<\/p>\n<p>20h30 Quadrilha Junina | Rio de Janeiro<\/p>\n<p>21h35 Orquestra Sanf\u00f4nica Balaio Nordeste | Para\u00edba<\/p>\n<p>&nbsp;<\/p>\n<h2><strong>S\u00e1bado, 27 de julho | 10h \u00e0s 22h<\/strong><\/h2>\n<p>10h55 Ciranda | Para\u00edba<\/p>\n<p>12h Isaias do Pandeiro | Para\u00edba<\/p>\n<p>13h40 Dan\u00e7a do Cacuri\u00e1 | Maranh\u00e3o<\/p>\n<p>15h15 Coco de Roda | | Para\u00edba<\/p>\n<p>16h20 Quadrilha de Sampaio | Rio De Janeiro<\/p>\n<p>17h25 Xaxado | Para\u00edba<\/p>\n<p>18h30 Bumba-Meu-Boi de Morros | Maranh\u00e3o<\/p>\n<p>20h05 Trio P\u00e9 De Serra\u00a0 | Para\u00edba<\/p>\n<p>21h05 Orquestra Sanf\u00f4nica Balaio Nordeste | Para\u00edba<\/p>\n<p>&nbsp;<\/p>\n<h2><strong>Expositores:<\/strong><\/h2>\n<p>Comidas e bebidas:<\/p>\n<h2><strong>Projeto Tempero de Favela: <\/strong><\/h2>\n<p>Chan Pastel de Feira<\/p>\n<p>Dona Gastronomia<\/p>\n<p>Poderosa na Chapa<\/p>\n<p>Coxinha &amp; Cia<\/p>\n<p>Caldo da Nega<\/p>\n<p>Caseirinhos da Ingrid<\/p>\n<p>&nbsp;<\/p>\n<h2><strong>Projeto Polo Rio Antigo &#8211; Pra\u00e7a Tiradentes:<\/strong><\/h2>\n<p>Armaz\u00e9m do Senado<\/p>\n<p>Cacha\u00e7a Boa, Caf\u00e9 do Bom<\/p>\n<p>You Nick<\/p>\n<p>Rio Scenarium<\/p>\n<p><strong>\u00a0<\/strong><\/p>\n<h2><strong>Produ\u00e7\u00e3o &#8211; Rio de Janeiro<\/strong><\/h2>\n<p>Comida t\u00edpica (carne de sol e bai\u00e3o de dois)<\/p>\n<p>Bebida em geral (cerveja \u2013 Hocus Pocus)<\/p>\n<p>Bebida em geral (cerveja e refrigerante)<\/p>\n<p>Milho e derivados<\/p>\n<p><strong>\u00a0<\/strong><\/p>\n<h2><strong>Experi\u00eancias Sebrae <\/strong><\/h2>\n<p>Coordena\u00e7\u00e3o de Economia Criativa do Sebrae Rio<\/p>\n<p>Coordena\u00e7\u00e3o de Turismo do Sebrae Rio<\/p>\n<p>Coordena\u00e7\u00e3o de Ind\u00fastria do Sebrae Rio<\/p>\n<p>Sebrae Para\u00edba<\/p>\n<p>Sebrae Maranh\u00e3o Parte superior do formul\u00e1rio<\/p>\n<p>&nbsp;<\/p>\n<p>N\u00e3o perca a chance de celebrar a cultura brasileira e se divertir com amigos e familiares. Comece agora sua jornada pelo nosso arrai\u00e1 e colecione momentos inesquec\u00edveis!<\/p>\n<p>&nbsp;<\/p>\n<p>\ud83d\udccdPra\u00e7a Tiradentes, 69, Centro &#8211; Rio de Janeiro.<\/p>\n<p><a href=\"https:\/\/www.instagram.com\/crabsebrae\/\" target=\"_blank\" rel=\"noopener\">Fiquem ligados nas nossas redes para mais informa\u00e7\u00f5es!<\/a><\/p>\n","protected":false},"featured_media":12322,"template":"","opcoes-da-programacao":[],"tipos-de-eventos-jet":[77],"class_list":["post-12295","programacao","type-programacao","status-publish","has-post-thumbnail","hentry","event_region-sudeste","event_state-rj","programacao_group-memoria-crab","tipos-de-eventos-jet-feiras"],"_links":{"self":[{"href":"https:\/\/homologacaosites.rj.sebrae.com.br\/crab\/wp-json\/wp\/v2\/programacao\/12295","targetHints":{"allow":["GET"]}}],"collection":[{"href":"https:\/\/homologacaosites.rj.sebrae.com.br\/crab\/wp-json\/wp\/v2\/programacao"}],"about":[{"href":"https:\/\/homologacaosites.rj.sebrae.com.br\/crab\/wp-json\/wp\/v2\/types\/programacao"}],"wp:featuredmedia":[{"embeddable":true,"href":"https:\/\/homologacaosites.rj.sebrae.com.br\/crab\/wp-json\/wp\/v2\/media\/12322"}],"wp:attachment":[{"href":"https:\/\/homologacaosites.rj.sebrae.com.br\/crab\/wp-json\/wp\/v2\/media?parent=12295"}],"wp:term":[{"taxonomy":"opcoes-da-programacao","embeddable":true,"href":"https:\/\/homologacaosites.rj.sebrae.com.br\/crab\/wp-json\/wp\/v2\/opcoes-da-programacao?post=12295"},{"taxonomy":"tipos-de-eventos-jet","embeddable":true,"href":"https:\/\/homologacaosites.rj.sebrae.com.br\/crab\/wp-json\/wp\/v2\/tipos-de-eventos-jet?post=12295"}],"curies":[{"name":"wp","href":"https:\/\/api.w.org\/{rel}","templated":true}]}}

<p>O <a href="https://homologacaosites.rj.sebrae.com.br/crab/"><strong>Centro Sebrae de Referência do Artesanato Brasileiro &#8211; CRAB</strong></a>, apresenta uma iniciativa inédita na região: a primeira Tiradentes Julina! Um evento com comercialização de artesanato regional de vários estados brasileiros e comidas típicas, além de apresentações culturais, barracas de brincadeiras e muito mais!</p>
<p>&nbsp;</p>
<p>A <strong>Tiradente Julina</strong> trará dois dias de atrações para toda família, promovendo os pequenos negócios atendidos pelos projetos do Sebrae Rio.</p>
<p>&nbsp;</p>
<h2><strong>Conheça nossa programação completa e se prepare para aproveitar tudo o que a Tiradentes Julina lhes proporcionará!</strong></h2>
<p>&nbsp;</p>
<h2><strong>Sexta, 26 de julho | 16h às 22h</strong></h2>
<p>16h05 Tambor de Crioula | Maranhão</p>
<p>14h40 Repentistas |  Ceará</p>
<p>18h55 Bumba-meu-boi de Morros | Maranhão</p>
<p>20h30 Quadrilha Junina | Rio de Janeiro</p>
<p>21h35 Orquestra Sanfônica Balaio Nordeste | Paraíba</p>
<p>&nbsp;</p>
<h2><strong>Sábado, 27 de julho | 10h às 22h</strong></h2>
<p>10h55 Ciranda | Paraíba</p>
<p>12h Isaias do Pandeiro | Paraíba</p>
<p>13h40 Dança do Cacuriá | Maranhão</p>
<p>15h15 Coco de Roda | | Paraíba</p>
<p>16h20 Quadrilha de Sampaio | Rio De Janeiro</p>
<p>17h25 Xaxado | Paraíba</p>
<p>18h30 Bumba-Meu-Boi de Morros | Maranhão</p>
<p>20h05 Trio Pé De Serra  | Paraíba</p>
<p>21h05 Orquestra Sanfônica Balaio Nordeste | Paraíba</p>
<p>&nbsp;</p>
<h2><strong>Expositores:</strong></h2>
<p>Comidas e bebidas:</p>
<h2><strong>Projeto Tempero de Favela: </strong></h2>
<p>Chan Pastel de Feira</p>
<p>Dona Gastronomia</p>
<p>Poderosa na Chapa</p>
<p>Coxinha &amp; Cia</p>
<p>Caldo da Nega</p>
<p>Caseirinhos da Ingrid</p>
<p>&nbsp;</p>
<h2><strong>Projeto Polo Rio Antigo &#8211; Praça Tiradentes:</strong></h2>
<p>Armazém do Senado</p>
<p>Cachaça Boa, Café do Bom</p>
<p>You Nick</p>
<p>Rio Scenarium</p>
<p><strong> </strong></p>
<h2><strong>Produção &#8211; Rio de Janeiro</strong></h2>
<p>Comida típica (carne de sol e baião de dois)</p>
<p>Bebida em geral (cerveja – Hocus Pocus)</p>
<p>Bebida em geral (cerveja e refrigerante)</p>
<p>Milho e derivados</p>
<p><strong> </strong></p>
<h2><strong>Experiências Sebrae </strong></h2>
<p>Coordenação de Economia Criativa do Sebrae Rio</p>
<p>Coordenação de Turismo do Sebrae Rio</p>
<p>Coordenação de Indústria do Sebrae Rio</p>
<p>Sebrae Paraíba</p>
<p>Sebrae Maranhão Parte superior do formulário</p>
<p>&nbsp;</p>
<p>Não perca a chance de celebrar a cultura brasileira e se divertir com amigos e familiares. Comece agora sua jornada pelo nosso arraiá e colecione momentos inesquecíveis!</p>
<p>&nbsp;</p>
<p>📍Praça Tiradentes, 69, Centro &#8211; Rio de Janeiro.</p>
<p><a href="https://www.instagram.com/crabsebrae/" target="_blank" rel="noopener">Fiquem ligados nas nossas redes para mais informações!</a></p>
