{"id":12642,"date":"2024-08-15T15:23:20","date_gmt":"2024-08-15T18:23:20","guid":{"rendered":"https:\/\/homologacaosites.rj.sebrae.com.br\/crab\/?post_type=programacao&#038;p=12642"},"modified":"2024-08-19T13:29:30","modified_gmt":"2024-08-19T16:29:30","slug":"dona-izabel-100-anos-da-mestra-do-vale-do-jequitinhonha","status":"publish","type":"programacao","link":"https:\/\/homologacaosites.rj.sebrae.com.br\/crab\/programacao\/dona-izabel-100-anos-da-mestra-do-vale-do-jequitinhonha\/","title":{"rendered":"Dona Izabel: 100 anos da Mestra do Vale do Jequitinhonha"},"content":{"rendered":"<h1>CRAB celebra os 100 anos de Dona Izabel, Mestra Artes\u00e3 do Vale do Jequitinhonha<\/h1>\n<p>Exposi\u00e7\u00e3o reunir\u00e1 300 obras da premiada ceramista mineira, que moldou o barro de forma inovadora e criou as famosas bonecas-moringa<\/p>\n<p class=\"x_elementToProof\"><b>Rio de Janeiro<\/b>\u00a0 O <a href=\"https:\/\/homologacaosites.rj.sebrae.com.br\/crab\/\">Centro Sebrae de Refer\u00eancia do Artesanato Brasileiro (CRAB)<\/a> abre suas portas dia 21\/8 para uma exposi\u00e7\u00e3o que homenageia uma das mais not\u00e1veis artistas populares do Brasil: a mestra artes\u00e3 dona Izabel Mendes da Cunha. &#8220;<b><i>Dona Izabel: 100 anos da Mestra do Vale do Jequitinhonha<\/i><\/b>&#8221; celebra o centen\u00e1rio de nascimento da premiada ceramista mineira, conhecida como a Dama do Barro do Jequitinhonha e criadora das famosas bonecas-moringa.<\/p>\n<p>A iniciativa \u00e9 uma realiza\u00e7\u00e3o do CRAB Sebrae em parceria com o Sebrae Minas e tem o apoio da Secretaria de Estado de Desenvolvimento Econ\u00f4mico (SEDE) do Governo de Minas Gerais, por meio da Diretoria de Artesanato.<\/p>\n<p>A exposi\u00e7\u00e3o oferece um mergulho profundo no legado de Dona Izabel, cuja obra transcendeu fronteiras regionais e conquistou reconhecimento nacional e internacional. S\u00e3o 300 obras da mestra artes\u00e3, distribu\u00eddas em oito salas do CRAB. \u201cHomenagear dona Izabel em seu centen\u00e1rio de nascimento \u00e9 reconhecer a trajet\u00f3ria de uma artista que extrapola os limites de seu territ\u00f3rio\u00a0 o munic\u00edpio de Santana do Ara\u00e7ua\u00ed (MG)\u00a0 e se lan\u00e7a por um extenso vale mineiro, de onde transborda para o Brasil e o mundo. Dona Izabel escreveu uma linda hist\u00f3ria sobre o artesanato e a arte da cer\u00e2mica no Brasil e nos deixou um legado \u00fanico&#8221;, explica Ricardo Lima, curador da exposi\u00e7\u00e3o.<\/p>\n<h2><b>O universo da mestra artes\u00e3<\/b><\/h2>\n<p>Natural de C\u00f3rrego Novo, uma pequena comunidade rural pr\u00f3xima a Itinga, no interior de Minas Gerais, Dona Izabel nasceu em 3 de agosto de 1924. Ela descobriu o universo do barro ainda crian\u00e7a, observando sua m\u00e3e, uma &#8220;paneleira&#8221;, criar utens\u00edlios dom\u00e9sticos com a mat\u00e9ria-prima abundante na regi\u00e3o.<\/p>\n<div>\n<div>\n<figure id=\"attachment_12644\" aria-describedby=\"caption-attachment-12644\" style=\"width: 442px\" class=\"wp-caption alignnone\"><img fetchpriority=\"high\" decoding=\"async\" class=\"wp-image-12644\" src=\"https:\/\/homologacaosites.rj.sebrae.com.br\/crab\/wp-content\/uploads\/2024\/08\/Dona-Izabel-Expo-no-CRAB-credito-Lori-Figueiro-2-300x197.jpg\" alt=\"\" width=\"442\" height=\"290\" data-wp-editing=\"1\" srcset=\"https:\/\/homologacaosites.rj.sebrae.com.br\/crab\/wp-content\/uploads\/2024\/08\/Dona-Izabel-Expo-no-CRAB-credito-Lori-Figueiro-2-300x197.jpg 300w, https:\/\/homologacaosites.rj.sebrae.com.br\/crab\/wp-content\/uploads\/2024\/08\/Dona-Izabel-Expo-no-CRAB-credito-Lori-Figueiro-2-768x503.jpg 768w, https:\/\/homologacaosites.rj.sebrae.com.br\/crab\/wp-content\/uploads\/2024\/08\/Dona-Izabel-Expo-no-CRAB-credito-Lori-Figueiro-2-190x125.jpg 190w, https:\/\/homologacaosites.rj.sebrae.com.br\/crab\/wp-content\/uploads\/2024\/08\/Dona-Izabel-Expo-no-CRAB-credito-Lori-Figueiro-2.jpg 920w\" sizes=\"(max-width: 442px) 100vw, 442px\" \/><figcaption id=\"caption-attachment-12644\" class=\"wp-caption-text\">Dona Izabel cr\u00e9dito Lor\u00ed Figueir\u00f3<\/figcaption><\/figure>\n<p>&nbsp;<\/p>\n<\/div>\n<p>O Vale do Jequitinhonha, cen\u00e1rio das cria\u00e7\u00f5es de Dona Izabel, \u00e9 uma \u00e1rea no nordeste de Minas Gerais conhecida tanto por suas belezas naturais quanto pelas dificuldades socioecon\u00f4micas de sua popula\u00e7\u00e3o. A arte popular naquela regi\u00e3o surgiu como uma forma de resist\u00eancia e sobreviv\u00eancia, com as mulheres do Vale assumindo pap\u00e9is centrais na produ\u00e7\u00e3o artesanal. Dona Izabel, com suas inovadoras moringas-boneca, foi uma figura central neste contexto, transformando objetos utilit\u00e1rios em verdadeiras esculturas.<\/p>\n<p>A oficina de Dona Izabel, anexa \u00e0 sua casa em Santana do Ara\u00e7ua\u00ed, no M\u00e9dio Vale do Jequitinhonha (MG), para onde se mudou ainda jovem, era um espa\u00e7o de simplicidade e criatividade. Utilizando ferramentas rudimentares, como sabugos de milho, peda\u00e7os de coit\u00e9 e pigmentos minerais que ela mesma preparava, Dona Izabel deu vida a suas cria\u00e7\u00f5es, a maioria utens\u00edlios de uso di\u00e1rio.<\/p>\n<p>A d\u00e9cada de 1970 marcou uma virada na carreira da artista, quando ela come\u00e7ou a criar as famosas grandes bonecas. Originalmente projetadas para conter \u00e1gua, essas pe\u00e7as evolu\u00edram para esculturas de um metro ou mais, tornando-se s\u00edmbolos de sua arte e da cultura do Vale. Ela faleceu em 2014, aos 90 anos.<\/p>\n<p>O reconhecimento do trabalho de Dona Izabel veio por meio de pr\u00eamios importantes, como o Pr\u00eamio Unesco de Artesanato Popular para a Am\u00e9rica Latina e Caribe, a Ordem do M\u00e9rito Cultural do Minist\u00e9rio da Cultura do Brasil e o Pr\u00eamio Culturas Populares do MinC. Em 2016, sua obra foi celebrada com uma s\u00e9rie especial de selos postais emitida pelos Correios.<\/p>\n<h2><b>Tributo \u00e0 mestra artes\u00e3<\/b><\/h2>\n<\/div>\n<div>\n<div>\n<p>\u201cA exposi\u00e7\u00e3o que o CRAB inaugura neste m\u00eas sobre Dona Izabel \u00e9 mais do que uma homenagem a uma mestra artes\u00e3; \u00e9 um tributo a uma artista que, com suas m\u00e3os habilidosas e esp\u00edrito inovador, moldou n\u00e3o apenas o barro, mas tamb\u00e9m a identidade cultural de uma regi\u00e3o inteira\u201d, comemora Sergio Malta, diretor de Desenvolvimento do Sebrae Rio.<\/p>\n<p>O presidente do Conselho Deliberativo do Sebrae Minas, Marcelo de Souza e Silva, destaca o evento como um resgate \u00e0 mem\u00f3ria de Dona Izabel e fala sobre a continuidade do trabalho desenvolvido na regi\u00e3o. &#8220;O artesanato em barro produzido no Vale do Jequitinhonha \u00e9 uma importante refer\u00eancia cultural de Minas Gerais, valorizando a origem e a identidade do territ\u00f3rio. Dona Izabel foi uma das principais pioneiras nessa atividade que gera emprego e renda para as fam\u00edlias locais e influenciou familiares e um grupo de jovens. Al\u00e9m da homenagem a esse legado, a exposi\u00e7\u00e3o enaltece obras especiais e pe\u00e7as decorativas de nossos artes\u00e3os apoiados pelo Sebrae Minas e pelo Governo do Estado\u201d, afirma.O secret\u00e1rio de Estado de Desenvolvimento Econ\u00f4mico, Fernando Passali, destaca a representatividade da artes\u00e3 para a comunidade local. &#8220;Dona Izabel \u00e9 a prova de que o trabalho supera todas as dificuldades. \u00c9 louv\u00e1vel a preocupa\u00e7\u00e3o que ela teve em repassar os ensinamentos para outras gera\u00e7\u00f5es, incentivando que sua comunidade produzisse pe\u00e7as em barro, mostrando desde sempre como o artesanato \u00e9 fonte de renda e de autonomia. Um orgulho para o Vale do Jequitinhonha e um orgulho para Minas&#8221;, afirma.<\/p>\n<p>Venha descobrir a beleza e a hist\u00f3ria por tr\u00e1s das cria\u00e7\u00f5es de Dona Izabel no CRAB. A exposi\u00e7\u00e3o tem entrada gratuita e estar\u00e1 aberta ao p\u00fablico a partir das 10h do dia 21\/08<\/p>\n<div><\/div>\n<\/div>\n<\/div>\n<div>\n<p><b>Servi\u00e7o<\/b><\/p>\n<p><b>Endere\u00e7o:\u00a0<\/b>Pra\u00e7a Tiradentes 69\/71, Centro do Rio de Janeiro<\/p>\n<p><b>Funcionamento:\u00a0<\/b>ter\u00e7a-feira a s\u00e1bado, das 10h \u00e0s 17h<\/p>\n<p><b>Ingresso:\u00a0<\/b>entrada franca (mediante documento com foto)<\/p>\n<p class=\"x_elementToProof\"><b>Website:\u00a0<\/b><a id=\"LPlnkOWAc782a552-93ec-bcc9-026c-bcca4d67e886\" class=\"x_OWAAutoLink\" href=\"https:\/\/homologacaosites.rj.sebrae.com.br\/crab\/\" target=\"_blank\" rel=\"noopener noreferrer\" data-linkindex=\"0\" data-auth=\"NotApplicable\">https:\/\/homologacaosites.rj.sebrae.com.br\/crab\/<\/a><\/p>\n<\/div>\n","protected":false},"featured_media":12645,"template":"","opcoes-da-programacao":[82],"tipos-de-eventos-jet":[76],"class_list":["post-12642","programacao","type-programacao","status-publish","has-post-thumbnail","hentry","event_region-sudeste","event_state-rj","programacao_group-crab-fisico","opcoes-da-programacao-destaque","tipos-de-eventos-jet-exposicao"],"_links":{"self":[{"href":"https:\/\/homologacaosites.rj.sebrae.com.br\/crab\/wp-json\/wp\/v2\/programacao\/12642","targetHints":{"allow":["GET"]}}],"collection":[{"href":"https:\/\/homologacaosites.rj.sebrae.com.br\/crab\/wp-json\/wp\/v2\/programacao"}],"about":[{"href":"https:\/\/homologacaosites.rj.sebrae.com.br\/crab\/wp-json\/wp\/v2\/types\/programacao"}],"wp:featuredmedia":[{"embeddable":true,"href":"https:\/\/homologacaosites.rj.sebrae.com.br\/crab\/wp-json\/wp\/v2\/media\/12645"}],"wp:attachment":[{"href":"https:\/\/homologacaosites.rj.sebrae.com.br\/crab\/wp-json\/wp\/v2\/media?parent=12642"}],"wp:term":[{"taxonomy":"opcoes-da-programacao","embeddable":true,"href":"https:\/\/homologacaosites.rj.sebrae.com.br\/crab\/wp-json\/wp\/v2\/opcoes-da-programacao?post=12642"},{"taxonomy":"tipos-de-eventos-jet","embeddable":true,"href":"https:\/\/homologacaosites.rj.sebrae.com.br\/crab\/wp-json\/wp\/v2\/tipos-de-eventos-jet?post=12642"}],"curies":[{"name":"wp","href":"https:\/\/api.w.org\/{rel}","templated":true}]}}

<h1>CRAB celebra os 100 anos de Dona Izabel, Mestra Artesã do Vale do Jequitinhonha</h1>
<p>Exposição reunirá 300 obras da premiada ceramista mineira, que moldou o barro de forma inovadora e criou as famosas bonecas-moringa</p>
<p class="x_elementToProof"><b>Rio de Janeiro</b>  O <a href="https://homologacaosites.rj.sebrae.com.br/crab/">Centro Sebrae de Referência do Artesanato Brasileiro (CRAB)</a> abre suas portas dia 21/8 para uma exposição que homenageia uma das mais notáveis artistas populares do Brasil: a mestra artesã dona Izabel Mendes da Cunha. &#8220;<b><i>Dona Izabel: 100 anos da Mestra do Vale do Jequitinhonha</i></b>&#8221; celebra o centenário de nascimento da premiada ceramista mineira, conhecida como a Dama do Barro do Jequitinhonha e criadora das famosas bonecas-moringa.</p>
<p>A iniciativa é uma realização do CRAB Sebrae em parceria com o Sebrae Minas e tem o apoio da Secretaria de Estado de Desenvolvimento Econômico (SEDE) do Governo de Minas Gerais, por meio da Diretoria de Artesanato.</p>
<p>A exposição oferece um mergulho profundo no legado de Dona Izabel, cuja obra transcendeu fronteiras regionais e conquistou reconhecimento nacional e internacional. São 300 obras da mestra artesã, distribuídas em oito salas do CRAB. “Homenagear dona Izabel em seu centenário de nascimento é reconhecer a trajetória de uma artista que extrapola os limites de seu território  o município de Santana do Araçuaí (MG)  e se lança por um extenso vale mineiro, de onde transborda para o Brasil e o mundo. Dona Izabel escreveu uma linda história sobre o artesanato e a arte da cerâmica no Brasil e nos deixou um legado único&#8221;, explica Ricardo Lima, curador da exposição.</p>
<h2><b>O universo da mestra artesã</b></h2>
<p>Natural de Córrego Novo, uma pequena comunidade rural próxima a Itinga, no interior de Minas Gerais, Dona Izabel nasceu em 3 de agosto de 1924. Ela descobriu o universo do barro ainda criança, observando sua mãe, uma &#8220;paneleira&#8221;, criar utensílios domésticos com a matéria-prima abundante na região.</p>
<div>
<div>
<figure id="attachment_12644" aria-describedby="caption-attachment-12644" style="width: 442px" class="wp-caption alignnone"><img fetchpriority="high" decoding="async" class="wp-image-12644" src="https://homologacaosites.rj.sebrae.com.br/crab/wp-content/uploads/2024/08/Dona-Izabel-Expo-no-CRAB-credito-Lori-Figueiro-2-300x197.jpg" alt="" width="442" height="290" data-wp-editing="1" srcset="https://homologacaosites.rj.sebrae.com.br/crab/wp-content/uploads/2024/08/Dona-Izabel-Expo-no-CRAB-credito-Lori-Figueiro-2-300x197.jpg 300w, https://homologacaosites.rj.sebrae.com.br/crab/wp-content/uploads/2024/08/Dona-Izabel-Expo-no-CRAB-credito-Lori-Figueiro-2-768x503.jpg 768w, https://homologacaosites.rj.sebrae.com.br/crab/wp-content/uploads/2024/08/Dona-Izabel-Expo-no-CRAB-credito-Lori-Figueiro-2-190x125.jpg 190w, https://homologacaosites.rj.sebrae.com.br/crab/wp-content/uploads/2024/08/Dona-Izabel-Expo-no-CRAB-credito-Lori-Figueiro-2.jpg 920w" sizes="(max-width: 442px) 100vw, 442px" /><figcaption id="caption-attachment-12644" class="wp-caption-text">Dona Izabel crédito Lorí Figueiró</figcaption></figure>
<p>&nbsp;</p>
</div>
<p>O Vale do Jequitinhonha, cenário das criações de Dona Izabel, é uma área no nordeste de Minas Gerais conhecida tanto por suas belezas naturais quanto pelas dificuldades socioeconômicas de sua população. A arte popular naquela região surgiu como uma forma de resistência e sobrevivência, com as mulheres do Vale assumindo papéis centrais na produção artesanal. Dona Izabel, com suas inovadoras moringas-boneca, foi uma figura central neste contexto, transformando objetos utilitários em verdadeiras esculturas.</p>
<p>A oficina de Dona Izabel, anexa à sua casa em Santana do Araçuaí, no Médio Vale do Jequitinhonha (MG), para onde se mudou ainda jovem, era um espaço de simplicidade e criatividade. Utilizando ferramentas rudimentares, como sabugos de milho, pedaços de coité e pigmentos minerais que ela mesma preparava, Dona Izabel deu vida a suas criações, a maioria utensílios de uso diário.</p>
<p>A década de 1970 marcou uma virada na carreira da artista, quando ela começou a criar as famosas grandes bonecas. Originalmente projetadas para conter água, essas peças evoluíram para esculturas de um metro ou mais, tornando-se símbolos de sua arte e da cultura do Vale. Ela faleceu em 2014, aos 90 anos.</p>
<p>O reconhecimento do trabalho de Dona Izabel veio por meio de prêmios importantes, como o Prêmio Unesco de Artesanato Popular para a América Latina e Caribe, a Ordem do Mérito Cultural do Ministério da Cultura do Brasil e o Prêmio Culturas Populares do MinC. Em 2016, sua obra foi celebrada com uma série especial de selos postais emitida pelos Correios.</p>
<h2><b>Tributo à mestra artesã</b></h2>
</div>
<div>
<div>
<p>“A exposição que o CRAB inaugura neste mês sobre Dona Izabel é mais do que uma homenagem a uma mestra artesã; é um tributo a uma artista que, com suas mãos habilidosas e espírito inovador, moldou não apenas o barro, mas também a identidade cultural de uma região inteira”, comemora Sergio Malta, diretor de Desenvolvimento do Sebrae Rio.</p>
<p>O presidente do Conselho Deliberativo do Sebrae Minas, Marcelo de Souza e Silva, destaca o evento como um resgate à memória de Dona Izabel e fala sobre a continuidade do trabalho desenvolvido na região. &#8220;O artesanato em barro produzido no Vale do Jequitinhonha é uma importante referência cultural de Minas Gerais, valorizando a origem e a identidade do território. Dona Izabel foi uma das principais pioneiras nessa atividade que gera emprego e renda para as famílias locais e influenciou familiares e um grupo de jovens. Além da homenagem a esse legado, a exposição enaltece obras especiais e peças decorativas de nossos artesãos apoiados pelo Sebrae Minas e pelo Governo do Estado”, afirma.O secretário de Estado de Desenvolvimento Econômico, Fernando Passali, destaca a representatividade da artesã para a comunidade local. &#8220;Dona Izabel é a prova de que o trabalho supera todas as dificuldades. É louvável a preocupação que ela teve em repassar os ensinamentos para outras gerações, incentivando que sua comunidade produzisse peças em barro, mostrando desde sempre como o artesanato é fonte de renda e de autonomia. Um orgulho para o Vale do Jequitinhonha e um orgulho para Minas&#8221;, afirma.</p>
<p>Venha descobrir a beleza e a história por trás das criações de Dona Izabel no CRAB. A exposição tem entrada gratuita e estará aberta ao público a partir das 10h do dia 21/08</p>
<div></div>
</div>
</div>
<div>
<p><b>Serviço</b></p>
<p><b>Endereço: </b>Praça Tiradentes 69/71, Centro do Rio de Janeiro</p>
<p><b>Funcionamento: </b>terça-feira a sábado, das 10h às 17h</p>
<p><b>Ingresso: </b>entrada franca (mediante documento com foto)</p>
<p class="x_elementToProof"><b>Website: </b><a id="LPlnkOWAc782a552-93ec-bcc9-026c-bcca4d67e886" class="x_OWAAutoLink" href="https://homologacaosites.rj.sebrae.com.br/crab/" target="_blank" rel="noopener noreferrer" data-linkindex="0" data-auth="NotApplicable">https://homologacaosites.rj.sebrae.com.br/crab/</a></p>
</div>
