{"id":12733,"date":"2024-09-06T14:42:06","date_gmt":"2024-09-06T17:42:06","guid":{"rendered":"https:\/\/homologacaosites.rj.sebrae.com.br\/crab\/?post_type=programacao&#038;p=12733"},"modified":"2024-09-23T17:18:23","modified_gmt":"2024-09-23T20:18:23","slug":"travessias-artesanais","status":"publish","type":"programacao","link":"https:\/\/homologacaosites.rj.sebrae.com.br\/crab\/programacao\/travessias-artesanais\/","title":{"rendered":"Travessias Artesanais"},"content":{"rendered":"<h1><strong>CRAB abre mostra com artesanato de seis cidades do Cear\u00e1<\/strong><\/h1>\n<p>O p\u00fablico conhecer\u00e1 produtos de artes\u00e3s que dominam t\u00e9cnicas em renda, croch\u00ea, tran\u00e7ados e fibras da regi\u00e3o<\/p>\n<p><strong>Rio de Janeiro<\/strong> O trabalho de artes\u00e3s que dominam seis t\u00e9cnicas do tecer e de tran\u00e7ar t\u00edpicas do Cear\u00e1 ser\u00e3o expostos no <a href=\"https:\/\/homologacaosites.rj.sebrae.com.br\/crab\/\">Centro Sebrae de Refer\u00eancia do Artesanato Brasileiro (CRAB)<\/a> a partir do dia 13 de setembro. A Mostra <strong>Travessias Artesanais<\/strong>, promovida em parceria com o Sebrae-CE, chega \u00e0s galerias do CRAB com a miss\u00e3o de valorizar os saberes tradicionais de novos grupos produtivos do Estado do Cear\u00e1.<\/p>\n<p><strong>Travessias Artesanais<\/strong> \u00e9 um projeto que nasceu em 2023 gra\u00e7as a uma parceria das <strong>Oficinas Catarina Mina<\/strong> com o Sebrae do Cear\u00e1. Ao longo de um ano, o projeto acompanhou grupos de artes\u00e3s e suas t\u00e9cnicas em seis cidades diferentes: o labirinto de Aracati, a renda de bilro de Trair\u00ed, o fil\u00e9 de Jaguaribe, o croch\u00ea de Curral Grande, o trabalho em fibra de cro\u00e1 de Tiangu\u00e1 e o artesanato em palha de carna\u00faba de Sobral.<\/p>\n<figure id=\"attachment_12735\" aria-describedby=\"caption-attachment-12735\" style=\"width: 451px\" class=\"wp-caption alignnone\"><img fetchpriority=\"high\" decoding=\"async\" class=\" wp-image-12735\" src=\"https:\/\/homologacaosites.rj.sebrae.com.br\/crab\/wp-content\/uploads\/2024\/09\/Catarina_Mina_Travessias_Aracati-300x200.png\" alt=\"\" width=\"451\" height=\"300\" srcset=\"https:\/\/homologacaosites.rj.sebrae.com.br\/crab\/wp-content\/uploads\/2024\/09\/Catarina_Mina_Travessias_Aracati-300x200.png 300w, https:\/\/homologacaosites.rj.sebrae.com.br\/crab\/wp-content\/uploads\/2024\/09\/Catarina_Mina_Travessias_Aracati-1024x683.png 1024w, https:\/\/homologacaosites.rj.sebrae.com.br\/crab\/wp-content\/uploads\/2024\/09\/Catarina_Mina_Travessias_Aracati-768x512.png 768w, https:\/\/homologacaosites.rj.sebrae.com.br\/crab\/wp-content\/uploads\/2024\/09\/Catarina_Mina_Travessias_Aracati-190x127.png 190w, https:\/\/homologacaosites.rj.sebrae.com.br\/crab\/wp-content\/uploads\/2024\/09\/Catarina_Mina_Travessias_Aracati.png 1500w\" sizes=\"(max-width: 451px) 100vw, 451px\" \/><figcaption id=\"caption-attachment-12735\" class=\"wp-caption-text\">Divulga\u00e7\u00e3o CRAB<\/figcaption><\/figure>\n<p>Ao ampliar o alcance sobre as pot\u00eancias criativas do estado, <strong>Travessias Artesanais<\/strong> trouxe novos olhares para esses saberes tradicionais, com a colabora\u00e7\u00e3o de designers renomados, como Dudu Bertholini, David Lee, Marina Bit\u00fa, \u00c9rico Gondim, M\u00e1rcia Hissa e a pr\u00f3pria fundadora da marca, Celina Hissa. Eles participaram do desenvolvimento de cole\u00e7\u00f5es exclusivas, ampliando a visibilidade e o impacto dessas tradi\u00e7\u00f5es.<\/p>\n<p>A exposi\u00e7\u00e3o trar\u00e1 ao p\u00fablico a riqueza do Cear\u00e1 artesanal, explorando as tipologias e hist\u00f3rias que permeiam o estado, desde o litoral at\u00e9 o sert\u00e3o, por meio de um amplo mapeamento criativo, produ\u00e7\u00f5es audiovisuais, registros de processos, t\u00e9cnicas, ferramentas e instrumentos e pe\u00e7as de cole\u00e7\u00f5es desenvolvidas pelas artes\u00e3s cearenses em colabora\u00e7\u00e3o com os designers que participaram do projeto. <strong>Travessias Artesanais <\/strong>fica em cartaz no CRAB at\u00e9 novembro.<\/p>\n<h2><strong>Sobre a Catarina Mina<\/strong><\/h2>\n<p>Catarina Mina \u00e9 uma marca cearense que alia moda e impacto social, com um forte compromisso com a sustentabilidade e o empoderamento feminino. Conectando artes\u00e3s e consumidores, a marca promove a cultura do Cear\u00e1 por meio de cria\u00e7\u00f5es feitas \u00e0 m\u00e3o, conhecidas por abrir os custos de produ\u00e7\u00e3o e incentivar o consumo consciente.<\/p>\n<p>Celina Hissa \u00e9 a fundadora e diretora criativa da Catarina Mina. Com uma vis\u00e3o inovadora, Celina liderou a iniciativa de transpar\u00eancia nos custos de produ\u00e7\u00e3o, incentivando o consumo consciente e valorizando o trabalho artesanal. Sob sua dire\u00e7\u00e3o, a Catarina Mina se tornou refer\u00eancia em design sustent\u00e1vel. Celina tamb\u00e9m \u00e9 uma voz ativa na promo\u00e7\u00e3o do empoderamento feminino e na preserva\u00e7\u00e3o da cultura artesanal cearense.<\/p>\n<p>&nbsp;<\/p>\n<p><strong>Servi\u00e7o<\/strong><\/p>\n<p><strong>Endere\u00e7o: <\/strong>Pra\u00e7a Tiradentes 69\/71, Centro do Rio de Janeiro<\/p>\n<p><strong>Funcionamento: <\/strong>ter\u00e7a-feira a s\u00e1bado, das 10h \u00e0s 17h<\/p>\n<p><strong>Ingresso: <\/strong>entrada franca (mediante documento com foto)<\/p>\n<p><strong>Website: <\/strong><a href=\"https:\/\/homologacaosites.rj.sebrae.com.br\/crab\/\">https:\/\/homologacaosites.rj.sebrae.com.br\/crab\/<\/a><\/p>\n","protected":false},"featured_media":12736,"template":"","opcoes-da-programacao":[82],"tipos-de-eventos-jet":[254],"class_list":["post-12733","programacao","type-programacao","status-publish","has-post-thumbnail","hentry","event_region-sudeste","event_state-rj","programacao_group-crab-fisico","opcoes-da-programacao-destaque","tipos-de-eventos-jet-mostra"],"_links":{"self":[{"href":"https:\/\/homologacaosites.rj.sebrae.com.br\/crab\/wp-json\/wp\/v2\/programacao\/12733","targetHints":{"allow":["GET"]}}],"collection":[{"href":"https:\/\/homologacaosites.rj.sebrae.com.br\/crab\/wp-json\/wp\/v2\/programacao"}],"about":[{"href":"https:\/\/homologacaosites.rj.sebrae.com.br\/crab\/wp-json\/wp\/v2\/types\/programacao"}],"wp:featuredmedia":[{"embeddable":true,"href":"https:\/\/homologacaosites.rj.sebrae.com.br\/crab\/wp-json\/wp\/v2\/media\/12736"}],"wp:attachment":[{"href":"https:\/\/homologacaosites.rj.sebrae.com.br\/crab\/wp-json\/wp\/v2\/media?parent=12733"}],"wp:term":[{"taxonomy":"opcoes-da-programacao","embeddable":true,"href":"https:\/\/homologacaosites.rj.sebrae.com.br\/crab\/wp-json\/wp\/v2\/opcoes-da-programacao?post=12733"},{"taxonomy":"tipos-de-eventos-jet","embeddable":true,"href":"https:\/\/homologacaosites.rj.sebrae.com.br\/crab\/wp-json\/wp\/v2\/tipos-de-eventos-jet?post=12733"}],"curies":[{"name":"wp","href":"https:\/\/api.w.org\/{rel}","templated":true}]}}

<h1><strong>CRAB abre mostra com artesanato de seis cidades do Ceará</strong></h1>
<p>O público conhecerá produtos de artesãs que dominam técnicas em renda, crochê, trançados e fibras da região</p>
<p><strong>Rio de Janeiro</strong> O trabalho de artesãs que dominam seis técnicas do tecer e de trançar típicas do Ceará serão expostos no <a href="https://homologacaosites.rj.sebrae.com.br/crab/">Centro Sebrae de Referência do Artesanato Brasileiro (CRAB)</a> a partir do dia 13 de setembro. A Mostra <strong>Travessias Artesanais</strong>, promovida em parceria com o Sebrae-CE, chega às galerias do CRAB com a missão de valorizar os saberes tradicionais de novos grupos produtivos do Estado do Ceará.</p>
<p><strong>Travessias Artesanais</strong> é um projeto que nasceu em 2023 graças a uma parceria das <strong>Oficinas Catarina Mina</strong> com o Sebrae do Ceará. Ao longo de um ano, o projeto acompanhou grupos de artesãs e suas técnicas em seis cidades diferentes: o labirinto de Aracati, a renda de bilro de Trairí, o filé de Jaguaribe, o crochê de Curral Grande, o trabalho em fibra de croá de Tianguá e o artesanato em palha de carnaúba de Sobral.</p>
<figure id="attachment_12735" aria-describedby="caption-attachment-12735" style="width: 451px" class="wp-caption alignnone"><img fetchpriority="high" decoding="async" class=" wp-image-12735" src="https://homologacaosites.rj.sebrae.com.br/crab/wp-content/uploads/2024/09/Catarina_Mina_Travessias_Aracati-300x200.png" alt="" width="451" height="300" srcset="https://homologacaosites.rj.sebrae.com.br/crab/wp-content/uploads/2024/09/Catarina_Mina_Travessias_Aracati-300x200.png 300w, https://homologacaosites.rj.sebrae.com.br/crab/wp-content/uploads/2024/09/Catarina_Mina_Travessias_Aracati-1024x683.png 1024w, https://homologacaosites.rj.sebrae.com.br/crab/wp-content/uploads/2024/09/Catarina_Mina_Travessias_Aracati-768x512.png 768w, https://homologacaosites.rj.sebrae.com.br/crab/wp-content/uploads/2024/09/Catarina_Mina_Travessias_Aracati-190x127.png 190w, https://homologacaosites.rj.sebrae.com.br/crab/wp-content/uploads/2024/09/Catarina_Mina_Travessias_Aracati.png 1500w" sizes="(max-width: 451px) 100vw, 451px" /><figcaption id="caption-attachment-12735" class="wp-caption-text">Divulgação CRAB</figcaption></figure>
<p>Ao ampliar o alcance sobre as potências criativas do estado, <strong>Travessias Artesanais</strong> trouxe novos olhares para esses saberes tradicionais, com a colaboração de designers renomados, como Dudu Bertholini, David Lee, Marina Bitú, Érico Gondim, Márcia Hissa e a própria fundadora da marca, Celina Hissa. Eles participaram do desenvolvimento de coleções exclusivas, ampliando a visibilidade e o impacto dessas tradições.</p>
<p>A exposição trará ao público a riqueza do Ceará artesanal, explorando as tipologias e histórias que permeiam o estado, desde o litoral até o sertão, por meio de um amplo mapeamento criativo, produções audiovisuais, registros de processos, técnicas, ferramentas e instrumentos e peças de coleções desenvolvidas pelas artesãs cearenses em colaboração com os designers que participaram do projeto. <strong>Travessias Artesanais </strong>fica em cartaz no CRAB até novembro.</p>
<h2><strong>Sobre a Catarina Mina</strong></h2>
<p>Catarina Mina é uma marca cearense que alia moda e impacto social, com um forte compromisso com a sustentabilidade e o empoderamento feminino. Conectando artesãs e consumidores, a marca promove a cultura do Ceará por meio de criações feitas à mão, conhecidas por abrir os custos de produção e incentivar o consumo consciente.</p>
<p>Celina Hissa é a fundadora e diretora criativa da Catarina Mina. Com uma visão inovadora, Celina liderou a iniciativa de transparência nos custos de produção, incentivando o consumo consciente e valorizando o trabalho artesanal. Sob sua direção, a Catarina Mina se tornou referência em design sustentável. Celina também é uma voz ativa na promoção do empoderamento feminino e na preservação da cultura artesanal cearense.</p>
<p>&nbsp;</p>
<p><strong>Serviço</strong></p>
<p><strong>Endereço: </strong>Praça Tiradentes 69/71, Centro do Rio de Janeiro</p>
<p><strong>Funcionamento: </strong>terça-feira a sábado, das 10h às 17h</p>
<p><strong>Ingresso: </strong>entrada franca (mediante documento com foto)</p>
<p><strong>Website: </strong><a href="https://homologacaosites.rj.sebrae.com.br/crab/">https://homologacaosites.rj.sebrae.com.br/crab/</a></p>
