{"id":6947,"date":"2022-07-14T11:10:39","date_gmt":"2022-07-14T14:10:39","guid":{"rendered":"https:\/\/crab.rj.sebrae.com.br\/?post_type=programacao&#038;p=6947"},"modified":"2024-05-23T10:05:14","modified_gmt":"2024-05-23T13:05:14","slug":"economia-criativa-e-cultura-pernambucana-em-cena","status":"publish","type":"programacao","link":"https:\/\/homologacaosites.rj.sebrae.com.br\/crab\/programacao\/economia-criativa-e-cultura-pernambucana-em-cena\/","title":{"rendered":"Economia Criativa e Cultura pernambucana em cena"},"content":{"rendered":"<div>No dia 22 de julho o\u00a0<b>CRAB Sebrae<\/b>\u00a0e o\u00a0<b>Sebrae Pernambuco<\/b>\u00a0realizar\u00e3o uma roda de conversa com di\u00e1logos que ir\u00e3o apresentar experi\u00eancias moldadas por ricas hist\u00f3rias retratadas em cenas que saem de Pernambuco e percorrem os quatro cantos do pa\u00eds, junto com um povo que encanta o Brasil e reafirma a criatividade que carrega.<\/div>\n<div><\/div>\n<div><b>Programa\u00e7\u00e3o:<\/b><\/div>\n<div><b>\u00a0<\/b><\/div>\n<div><b>10h &#8211; Abertura\u00a0<\/b>com Ver\u00f4nica Ribeiro (Sebrae PE)<\/div>\n<div><b>\u00a0<\/b><\/div>\n<div><b>10h30 &#8211;\u00a0M\u00fasica e festivais independentes de Pernambuco<\/b>\u00a0com\u00a0Ana Garcia (Coquetel Molotov) e Antonio &#8220;Gutie&#8221; Gutierrez (Festival Rec Beat)<\/div>\n<div><b>11h30 &#8211;\u00a0O cinema pernambucano: cria\u00e7\u00e3o e mercado<\/b>\u00a0com\u00a0Jo\u00e3o Vieira Jr. (Carnaval Filmes) e Marcelo Gomes (diretor, roteirista e produtor de cinema)<\/div>\n<div><b>\u00a0<\/b><\/div>\n<div><b>12h45 &#8211; Encerramento (manh\u00e3)<\/b><\/div>\n<div><\/div>\n<div><b>14h30 &#8211;\u00a0<\/b><b>A moda regenerativa em Pernambuco<\/b>\u00a0com\u00a0Magna Coeli (Refazenda) e Mariana Amazonas (Roda)<\/div>\n<div><b>15h30 &#8211;\u00a0<\/b><b>Artesanato no contexto das novas economias<\/b>\u00a0com\u00a0Ana Pedroza (ADEPE), Ana Paula Moura (CRAB) e Marcio Waked (Bio Fair Trade)<\/div>\n<div><b>\u00a0<\/b><\/div>\n<div><b>17h &#8211; Encerramento (tarde)<\/b><\/div>\n","protected":false},"featured_media":7480,"template":"","opcoes-da-programacao":[],"tipos-de-eventos-jet":[79],"class_list":["post-6947","programacao","type-programacao","status-publish","has-post-thumbnail","hentry","programacao_group-arquivo","tipos-de-eventos-jet-palestras"],"_links":{"self":[{"href":"https:\/\/homologacaosites.rj.sebrae.com.br\/crab\/wp-json\/wp\/v2\/programacao\/6947","targetHints":{"allow":["GET"]}}],"collection":[{"href":"https:\/\/homologacaosites.rj.sebrae.com.br\/crab\/wp-json\/wp\/v2\/programacao"}],"about":[{"href":"https:\/\/homologacaosites.rj.sebrae.com.br\/crab\/wp-json\/wp\/v2\/types\/programacao"}],"wp:featuredmedia":[{"embeddable":true,"href":"https:\/\/homologacaosites.rj.sebrae.com.br\/crab\/wp-json\/wp\/v2\/media\/7480"}],"wp:attachment":[{"href":"https:\/\/homologacaosites.rj.sebrae.com.br\/crab\/wp-json\/wp\/v2\/media?parent=6947"}],"wp:term":[{"taxonomy":"opcoes-da-programacao","embeddable":true,"href":"https:\/\/homologacaosites.rj.sebrae.com.br\/crab\/wp-json\/wp\/v2\/opcoes-da-programacao?post=6947"},{"taxonomy":"tipos-de-eventos-jet","embeddable":true,"href":"https:\/\/homologacaosites.rj.sebrae.com.br\/crab\/wp-json\/wp\/v2\/tipos-de-eventos-jet?post=6947"}],"curies":[{"name":"wp","href":"https:\/\/api.w.org\/{rel}","templated":true}]}}

<div>No dia 22 de julho o <b>CRAB Sebrae</b> e o <b>Sebrae Pernambuco</b> realizarão uma roda de conversa com diálogos que irão apresentar experiências moldadas por ricas histórias retratadas em cenas que saem de Pernambuco e percorrem os quatro cantos do país, junto com um povo que encanta o Brasil e reafirma a criatividade que carrega.</div>
<div></div>
<div><b>Programação:</b></div>
<div><b> </b></div>
<div><b>10h &#8211; Abertura </b>com Verônica Ribeiro (Sebrae PE)</div>
<div><b> </b></div>
<div><b>10h30 &#8211; Música e festivais independentes de Pernambuco</b> com Ana Garcia (Coquetel Molotov) e Antonio &#8220;Gutie&#8221; Gutierrez (Festival Rec Beat)</div>
<div><b>11h30 &#8211; O cinema pernambucano: criação e mercado</b> com João Vieira Jr. (Carnaval Filmes) e Marcelo Gomes (diretor, roteirista e produtor de cinema)</div>
<div><b> </b></div>
<div><b>12h45 &#8211; Encerramento (manhã)</b></div>
<div></div>
<div><b>14h30 &#8211; </b><b>A moda regenerativa em Pernambuco</b> com Magna Coeli (Refazenda) e Mariana Amazonas (Roda)</div>
<div><b>15h30 &#8211; </b><b>Artesanato no contexto das novas economias</b> com Ana Pedroza (ADEPE), Ana Paula Moura (CRAB) e Marcio Waked (Bio Fair Trade)</div>
<div><b> </b></div>
<div><b>17h &#8211; Encerramento (tarde)</b></div>
