{"id":6987,"date":"2022-09-08T15:28:22","date_gmt":"2022-09-08T18:28:22","guid":{"rendered":"https:\/\/crab.rj.sebrae.com.br\/?post_type=programacao&#038;p=6987"},"modified":"2024-05-23T09:54:06","modified_gmt":"2024-05-23T12:54:06","slug":"artesanato-centro-oeste","status":"publish","type":"programacao","link":"https:\/\/homologacaosites.rj.sebrae.com.br\/crab\/programacao\/artesanato-centro-oeste\/","title":{"rendered":"Semana do Artesanato do Centro-Oeste"},"content":{"rendered":"<p><b>13\/09 \u2013 TER\u00c7A-FEIRA<\/b><\/p>\n<p>9h \u00e0s 11h \u2013 Talk Show: Artesanato como Neg\u00f3cio<\/p>\n<p>Mediadora: Cynnara Bretas<\/p>\n<p>Participantes: Jeanne Ferr\u00e9 (Parceria Carioca) e Carolyne Gomes (Coordenadora de Economia Criativa do CRAB)<\/p>\n<p><b>14\/09 \u2013 QUARTA-FEIRA<\/b><\/p>\n<p>14h \u00e0s 16h \u2013 Palestra: Territ\u00f3rios criativos: artesanato, inova\u00e7\u00e3o e sustentabilidade<\/p>\n<p>Palestrante: Decio Coutinho<\/p>\n<p><b>15\/09 \u2013 QUINTA-FEIRA<\/b><\/p>\n<p>14H \u00c0S 17H \u2013 Palestra: Design essencial + visita guiada com Marcelo Rosenbaum<\/p>\n<p>Palestrante: Marcelo Rosenbaum<\/p>\n","protected":false},"featured_media":7482,"template":"","opcoes-da-programacao":[],"tipos-de-eventos-jet":[79],"class_list":["post-6987","programacao","type-programacao","status-publish","has-post-thumbnail","hentry","programacao_group-arquivo","tipos-de-eventos-jet-palestras"],"_links":{"self":[{"href":"https:\/\/homologacaosites.rj.sebrae.com.br\/crab\/wp-json\/wp\/v2\/programacao\/6987","targetHints":{"allow":["GET"]}}],"collection":[{"href":"https:\/\/homologacaosites.rj.sebrae.com.br\/crab\/wp-json\/wp\/v2\/programacao"}],"about":[{"href":"https:\/\/homologacaosites.rj.sebrae.com.br\/crab\/wp-json\/wp\/v2\/types\/programacao"}],"wp:featuredmedia":[{"embeddable":true,"href":"https:\/\/homologacaosites.rj.sebrae.com.br\/crab\/wp-json\/wp\/v2\/media\/7482"}],"wp:attachment":[{"href":"https:\/\/homologacaosites.rj.sebrae.com.br\/crab\/wp-json\/wp\/v2\/media?parent=6987"}],"wp:term":[{"taxonomy":"opcoes-da-programacao","embeddable":true,"href":"https:\/\/homologacaosites.rj.sebrae.com.br\/crab\/wp-json\/wp\/v2\/opcoes-da-programacao?post=6987"},{"taxonomy":"tipos-de-eventos-jet","embeddable":true,"href":"https:\/\/homologacaosites.rj.sebrae.com.br\/crab\/wp-json\/wp\/v2\/tipos-de-eventos-jet?post=6987"}],"curies":[{"name":"wp","href":"https:\/\/api.w.org\/{rel}","templated":true}]}}

<p><b>13/09 – TERÇA-FEIRA</b></p>
<p>9h às 11h – Talk Show: Artesanato como Negócio</p>
<p>Mediadora: Cynnara Bretas</p>
<p>Participantes: Jeanne Ferré (Parceria Carioca) e Carolyne Gomes (Coordenadora de Economia Criativa do CRAB)</p>
<p><b>14/09 – QUARTA-FEIRA</b></p>
<p>14h às 16h – Palestra: Territórios criativos: artesanato, inovação e sustentabilidade</p>
<p>Palestrante: Decio Coutinho</p>
<p><b>15/09 – QUINTA-FEIRA</b></p>
<p>14H ÀS 17H – Palestra: Design essencial + visita guiada com Marcelo Rosenbaum</p>
<p>Palestrante: Marcelo Rosenbaum</p>
