{"id":9472,"date":"2023-03-10T12:22:24","date_gmt":"2023-03-10T15:22:24","guid":{"rendered":"https:\/\/crab.rj.sebrae.com.br\/?post_type=programacao&#038;p=9472"},"modified":"2024-05-23T16:53:08","modified_gmt":"2024-05-23T19:53:08","slug":"dia-do-artesao","status":"publish","type":"programacao","link":"https:\/\/homologacaosites.rj.sebrae.com.br\/crab\/programacao\/dia-do-artesao\/","title":{"rendered":"Dia do Artes\u00e3o &#8211; Di\u00e1logos sobre as Pol\u00edticas P\u00fablicas e o Mercado do Artesanato no Brasil"},"content":{"rendered":"<p style=\"font-weight: 400;\">Ei voc\u00ea que valoriza o trabalho feito \u00e0 m\u00e3o, venha comemorar conosco!<\/p>\n<p style=\"font-weight: 400;\">No dia 21 de mar\u00e7o, a partir de 14h30, o Centro Sebrae de Refer\u00eancia do Artesanato Brasileiro &#8211; CRAB, em parceria com o Sebrae Nacional e o PAB &#8211; Programa do Artesanato Brasileiro, preparou uma programa\u00e7\u00e3o incr\u00edvel para celebrar o dia da pessoa que faz artesanato.<\/p>\n<p style=\"font-weight: 400;\">\u00a0Garanta sua inscri\u00e7\u00e3o e fique ligado nas novidades da programa\u00e7\u00e3o!<\/p>\n<p style=\"font-weight: 400;\"><strong>O evento acontecer\u00e1 de maneira h\u00edbrida: voc\u00ea pode participar do audit\u00f3rio do CRAB (aten\u00e7\u00e3o, vagas limitadas!) ou assistir e interagir atrav\u00e9s da transmiss\u00e3o online do evento!<br \/>\n<\/strong><\/p>\n<p style=\"font-weight: 400;\">Se voc\u00ea tamb\u00e9m ama o artesanato, venha celebrar com a gente!<\/p>\n<p><iframe title=\"Di\u00e1logos sobre as Pol\u00edticas P\u00fablicas e o Mercado do Artesanato\" width=\"800\" height=\"450\" src=\"https:\/\/www.youtube.com\/embed\/o91JJz9cdTw?feature=oembed\" frameborder=\"0\" allow=\"accelerometer; autoplay; clipboard-write; encrypted-media; gyroscope; picture-in-picture; web-share\" referrerpolicy=\"strict-origin-when-cross-origin\" allowfullscreen><\/iframe><\/p>\n","protected":false},"featured_media":9496,"template":"","opcoes-da-programacao":[],"tipos-de-eventos-jet":[273],"class_list":["post-9472","programacao","type-programacao","status-publish","has-post-thumbnail","hentry","programacao_group-crab-online","tipos-de-eventos-jet-papo-crab"],"_links":{"self":[{"href":"https:\/\/homologacaosites.rj.sebrae.com.br\/crab\/wp-json\/wp\/v2\/programacao\/9472","targetHints":{"allow":["GET"]}}],"collection":[{"href":"https:\/\/homologacaosites.rj.sebrae.com.br\/crab\/wp-json\/wp\/v2\/programacao"}],"about":[{"href":"https:\/\/homologacaosites.rj.sebrae.com.br\/crab\/wp-json\/wp\/v2\/types\/programacao"}],"wp:featuredmedia":[{"embeddable":true,"href":"https:\/\/homologacaosites.rj.sebrae.com.br\/crab\/wp-json\/wp\/v2\/media\/9496"}],"wp:attachment":[{"href":"https:\/\/homologacaosites.rj.sebrae.com.br\/crab\/wp-json\/wp\/v2\/media?parent=9472"}],"wp:term":[{"taxonomy":"opcoes-da-programacao","embeddable":true,"href":"https:\/\/homologacaosites.rj.sebrae.com.br\/crab\/wp-json\/wp\/v2\/opcoes-da-programacao?post=9472"},{"taxonomy":"tipos-de-eventos-jet","embeddable":true,"href":"https:\/\/homologacaosites.rj.sebrae.com.br\/crab\/wp-json\/wp\/v2\/tipos-de-eventos-jet?post=9472"}],"curies":[{"name":"wp","href":"https:\/\/api.w.org\/{rel}","templated":true}]}}

Dia do Artesão &#8211; Diálogos sobre as Políticas Públicas e o Mercado do Artesanato no Brasil

<p style="font-weight: 400;">Ei você que valoriza o trabalho feito à mão, venha comemorar conosco!</p>
<p style="font-weight: 400;">No dia 21 de março, a partir de 14h30, o Centro Sebrae de Referência do Artesanato Brasileiro &#8211; CRAB, em parceria com o Sebrae Nacional e o PAB &#8211; Programa do Artesanato Brasileiro, preparou uma programação incrível para celebrar o dia da pessoa que faz artesanato.</p>
<p style="font-weight: 400;"> Garanta sua inscrição e fique ligado nas novidades da programação!</p>
<p style="font-weight: 400;"><strong>O evento acontecerá de maneira híbrida: você pode participar do auditório do CRAB (atenção, vagas limitadas!) ou assistir e interagir através da transmissão online do evento!<br />
</strong></p>
<p style="font-weight: 400;">Se você também ama o artesanato, venha celebrar com a gente!</p>
<p><iframe title="Diálogos sobre as Políticas Públicas e o Mercado do Artesanato" width="800" height="450" src="https://www.youtube.com/embed/o91JJz9cdTw?feature=oembed" frameborder="0" allow="accelerometer; autoplay; clipboard-write; encrypted-media; gyroscope; picture-in-picture; web-share" referrerpolicy="strict-origin-when-cross-origin" allowfullscreen></iframe></p>
