{"id":9992,"date":"2023-08-21T13:14:48","date_gmt":"2023-08-21T16:14:48","guid":{"rendered":"https:\/\/crab.rj.sebrae.com.br\/?post_type=programacao&#038;p=9992"},"modified":"2024-06-17T12:34:17","modified_gmt":"2024-06-17T15:34:17","slug":"exposicao-da-mangueira","status":"publish","type":"programacao","link":"https:\/\/homologacaosites.rj.sebrae.com.br\/crab\/programacao\/exposicao-da-mangueira\/","title":{"rendered":"Artesania Ancestral nos 95 anos de Mangueira"},"content":{"rendered":"<p>&nbsp;<\/p>\n<ul>\n<li data-leveltext=\"\uf0b7\" data-font=\"Symbol\" data-listid=\"1\" data-list-defn-props=\"{&quot;335552541&quot;:1,&quot;335559684&quot;:-2,&quot;335559685&quot;:720,&quot;335559991&quot;:360,&quot;469769226&quot;:&quot;Symbol&quot;,&quot;469769242&quot;:[8226],&quot;469777803&quot;:&quot;left&quot;,&quot;469777804&quot;:&quot;\uf0b7&quot;,&quot;469777815&quot;:&quot;hybridMultilevel&quot;}\" aria-setsize=\"-1\" data-aria-posinset=\"1\" data-aria-level=\"1\"><i><span data-contrast=\"auto\"><strong>Hist\u00f3ria da Esta\u00e7\u00e3o Primeira<\/strong> \u00e9 contada desde sua <strong>artesania ancestral<\/strong>, nos barrac\u00f5es da comunidade, ao gigantismo dos desfiles da escola de samba no Samb\u00f3dromo<\/span><\/i><span data-ccp-props=\"{}\">\u00a0<\/span><\/li>\n<\/ul>\n<p><span data-ccp-props=\"{&quot;335551550&quot;:6,&quot;335551620&quot;:6}\">\u00a0<\/span><\/p>\n<h2><span data-ccp-props=\"{&quot;335551550&quot;:6,&quot;335551620&quot;:6}\">Exposi\u00e7\u00e3o da Mangueira<\/span><\/h2>\n<ul>\n<li><em>Hist\u00f3ria da Esta\u00e7\u00e3o Primeira \u00e9 contada desde sua artesania ancestral, nos barrac\u00f5es da comunidade, ao gigantismo dos desfiles da escola de samba no Samb\u00f3dromo<\/em><\/li>\n<\/ul>\n<p>A <a href=\"https:\/\/www.mangueira.com.br\/\" target=\"_blank\" rel=\"noopener\">Esta\u00e7\u00e3o Primeira de Mangueira<\/a> chegou \u00e0s galerias do Centro Sebrae de Refer\u00eancia do Artesanato Brasileiro (CRAB) dia 22\/8 para encantar o p\u00fablico com o artesanato que \u00e9 produzido em sua comunidade. A exposi\u00e7\u00e3o <em>Artesania Ancestral nos 95 anos de Mangueira <\/em>exibe desde o rico trabalho manual das fantasias e adere\u00e7os feitos nas d\u00e9cadas de 20 e 30 \u00e0 montagem de grandes pe\u00e7as de alegorias para os atuais desfiles das escolas de samba no Samb\u00f3dromo. A mostra embala ainda o visitante com o samba de Cartola e a voz de Jamel\u00e3o, duas lendas da escola.<\/p>\n<p><strong>\u00a0<\/strong><\/p>\n<p>\u201cAtrav\u00e9s dessa exposi\u00e7\u00e3o mostramos a evolu\u00e7\u00e3o dos desfiles apresentados pela verde-e-rosa, dando o merecido destaque e visibilidade ao maravilhoso trabalho art\u00edstico dos artes\u00e3os da comunidade, os verdadeiros artistas do melhor e mais cobi\u00e7ado espet\u00e1culo da Terra. A Mangueira chega a mobilizar mais de 300 artes\u00e3os ao longo do ano\u201c, explica C\u00e9lia Domingues, curadora da mostra. \u201c\u00c9 uma honra receber aqui no CRAB essa bel\u00edssima exposi\u00e7\u00e3o da Mangueira. Com isso, celebramos mais uma vez a arte popular brasileira. O p\u00fablico vai conhecer essa m\u00e1quina de sonhos que \u00e9 a artesania da escola mais tradicional do Rio de Janeiro\u201d, celebra o diretor de Desenvolvimento do Sebrae Rio, Sergio Malta.<\/p>\n<p><strong>\u00a0<\/strong><\/p>\n<p>A exposi\u00e7\u00e3o ocupa oito ambientes do CRAB. No primeiro, um conjunto de informa\u00e7\u00f5es sobre o universo mangueirense: a simb\u00f3lica birosca do morro, com a lembran\u00e7a das rodas de samba, os signos artesanais que remetem \u00e0 \u00e9poca do Bloco Arengueiros (que deu origem \u00e0 Mangueira), as imagens dos compositores e fundadores da escola e as giras de Candombl\u00e9. A partir da\u00ed, os espa\u00e7os relembram \u00e0 constru\u00e7\u00e3o da hist\u00f3ria da Mangueira, que se mistura com pr\u00f3pria origem do carnaval de rua.<\/p>\n<p>&nbsp;<\/p>\n<p>O visitante vai conhecer como a comunidade se tornou um p\u00f3lo de artes\u00e3os, com a famosa f\u00e1brica de chap\u00e9us ao lado da linha f\u00e9rrea. E far\u00e1 um passeio pela arte afro-brasileira e a arte plum\u00e1ria, utilizadas em v\u00e1rios enredos. Na \u00faltima sala, uma maquete com 4 mil pe\u00e7as feitas \u00e0 m\u00e3o reproduz um desfile completo da Mangueira, com componentes, alas e carros aleg\u00f3ricos. Ap\u00f3s a visita\u00e7\u00e3o, o p\u00fablico poder\u00e1 comprar pe\u00e7as produzidas por artes\u00e3os empreendedores do carnaval.<\/p>\n<p><span data-ccp-props=\"{&quot;335551550&quot;:6,&quot;335551620&quot;:6}\">\u00a0<\/span><\/p>\n<h2>Abertura<\/h2>\n<p>&nbsp;<\/p>\n<p>A <strong>Esta\u00e7\u00e3o Primeira de Mangueira<\/strong> faz uma verdadeira alquimia com os desejos e as ilus\u00f5es do povo quando desfila, a cada ano, na Passarela do Samba. \u00c9 um dos maiores s\u00edmbolos da paix\u00e3o popular pelo carnaval. Por tr\u00e1s dessa magia, h\u00e1 centenas de artes\u00e3os que trabalham com afinco e amor para dar forma na avenida \u00e0 escola de samba mais tradicional do Rio de Janeiro.\u00a0O Centro Sebrae de Refer\u00eancia do Artesanato Brasileiro (CRAB) recebe esta bel\u00edssima exposi\u00e7\u00e3o sobre a Mangueira com o objetivo de mais uma vez celebrar a arte popular brasileira.<\/p>\n<p>Em cada uma das oito salas da\u00a0mostra <em><strong>Artesania Ancestral<\/strong> <strong>nos 95 anos da Mangueira<\/strong><\/em>, o visitante ver\u00e1 como a verde-e-rosa conquista o cora\u00e7\u00e3o do povo. Tudo come\u00e7a e termina pelas m\u00e3os talentosas de seus artes\u00e3os. \u00c9 no barrac\u00e3o, com garra e energia, que a comunidade faz o sonho come\u00e7ar a tomar forma. Tecidos, pedrarias, plumas e brilho constroem um mundo de encantamento. As pe\u00e7as aqui expostas tamb\u00e9m s\u00e3o embaladas pela m\u00fasica de duas lendas da escola, a voz de Jamel\u00e3o e o samba de Cartola.<\/p>\n<p>Abram seus olhos e cora\u00e7\u00f5es para esse belo artesanato. E se encantem com a ancestralidade dessa folia!<\/p>\n<p>&nbsp;<\/p>\n<h2><strong>Curadoria da Exposi\u00e7\u00e3o\u00a0<\/strong><\/h2>\n<p>&nbsp;<\/p>\n<p>As defini\u00e7\u00f5es das categorias artesanais s\u00e3o fronteiras male\u00e1veis, que em certos casos fogem \u00e0s concep\u00e7\u00f5es preestabelecidas.<\/p>\n<p>\u00c9 o caso da <strong>artesania<\/strong> para Escola de Samba (ou para o Carnaval), que n\u00e3o se enquadra em conceitua\u00e7\u00f5es r\u00edgidas, pois diversas finalidades determinam a exist\u00eancia de sua materialidade. Por exemplo, certos produtos comp\u00f5e o discurso visual do desfile, transformando mat\u00e9ria prima, com t\u00e9cnicas diferenciadas, em fantasias, alegorias e adere\u00e7os. J\u00e1 outros produtos s\u00e3o produzidos como souvenirs da festa. Uns ef\u00eameros, outros tentando a eternidade. Um com finalidade de valer a nota do grupo, num determinado quesito, outro com fun\u00e7\u00e3o individual da recorda\u00e7\u00e3o.<\/p>\n<p>E, para tornar tudo ainda mais complexo, quando um visitante ganha de presente, durante a prociss\u00e3o festiva, um peda\u00e7o da fantasia que est\u00e1 desfilando nas Campe\u00e3s, e a leva como lembran\u00e7a para sua casa, as finalidades se atravessam, compondo um novo feixe de possibilidades.<\/p>\n<p>De todo modo, a cadeia produtiva da folia criou uma categoria de artesania carioca e brasileira (hoje copiada no mundo inteiro) que visa enfeitar a vida daqueles arrebatados pelo ziriguidum das comunidades do Rio de Janeiro.<\/p>\n<p>Esta exposi\u00e7\u00e3o ocupa 8 salas que, se n\u00e3o pretendem dar conta deste gigantesco universo, almejam ser uma introdu\u00e7\u00e3o \u00e0 riqueza dos fazeres centen\u00e1rios do universo art\u00edstico das escolas de samba cariocas, com recorte dentro da verde-e-rosa Esta\u00e7\u00e3o Primeira de Mangueira, que nas comemora\u00e7\u00f5es de seus 95 anos homenageia estes an\u00f4nimos artes\u00e3os que usam suas m\u00e3os para encantar os olhos do p\u00fablico que ocupa as arquibancadas e que dan\u00e7a, canta e se emociona com a criatividade do povo do samba.<\/p>\n<p>Sejam bem-vindos ao que chamamos de F\u00e1brica dos Sonhos\u2026.<\/p>\n<p><span data-ccp-props=\"{&quot;335551550&quot;:6,&quot;335551620&quot;:6}\">\u00a0<\/span><\/p>\n<h2><b><span data-contrast=\"auto\">Servi\u00e7o<\/span><\/b><span data-ccp-props=\"{&quot;335551550&quot;:6,&quot;335551620&quot;:6}\">\u00a0<\/span><\/h2>\n<p><span data-ccp-props=\"{&quot;335551550&quot;:6,&quot;335551620&quot;:6}\">\u00a0<\/span><\/p>\n<p><b><span data-contrast=\"auto\">Endere\u00e7o: <\/span><\/b><span data-contrast=\"auto\">Pra\u00e7a Tiradentes 69\/71, Centro do Rio de Janeiro<\/span><span data-ccp-props=\"{&quot;335551550&quot;:6,&quot;335551620&quot;:6}\">\u00a0<\/span><\/p>\n<p><b><span data-contrast=\"auto\">Funcionamento: <\/span><\/b><span data-contrast=\"auto\">ter\u00e7a-feira a s\u00e1bado, das 10h \u00e0s 17h<\/span><span data-ccp-props=\"{&quot;335551550&quot;:6,&quot;335551620&quot;:6}\">\u00a0<\/span><\/p>\n<p><b><span data-contrast=\"auto\">Ingresso: <\/span><\/b><span data-contrast=\"auto\">entrada franca (mediante documento com foto)<\/span><span data-ccp-props=\"{&quot;335551550&quot;:6,&quot;335551620&quot;:6}\">\u00a0<\/span><\/p>\n<p><b><span data-contrast=\"auto\">Website: <\/span><\/b><a href=\"https:\/\/homologacaosites.rj.sebrae.com.br\/crab\/\"><span data-contrast=\"none\">https:\/\/homologacaosites.rj.sebrae.com.br\/crab\/<\/span><\/a><span data-ccp-props=\"{&quot;335551550&quot;:6,&quot;335551620&quot;:6}\">\u00a0<\/span><\/p>\n","protected":false},"featured_media":9993,"template":"","opcoes-da-programacao":[],"tipos-de-eventos-jet":[76],"class_list":["post-9992","programacao","type-programacao","status-publish","has-post-thumbnail","hentry","programacao_group-memoria-crab","tipos-de-eventos-jet-exposicao"],"_links":{"self":[{"href":"https:\/\/homologacaosites.rj.sebrae.com.br\/crab\/wp-json\/wp\/v2\/programacao\/9992","targetHints":{"allow":["GET"]}}],"collection":[{"href":"https:\/\/homologacaosites.rj.sebrae.com.br\/crab\/wp-json\/wp\/v2\/programacao"}],"about":[{"href":"https:\/\/homologacaosites.rj.sebrae.com.br\/crab\/wp-json\/wp\/v2\/types\/programacao"}],"wp:featuredmedia":[{"embeddable":true,"href":"https:\/\/homologacaosites.rj.sebrae.com.br\/crab\/wp-json\/wp\/v2\/media\/9993"}],"wp:attachment":[{"href":"https:\/\/homologacaosites.rj.sebrae.com.br\/crab\/wp-json\/wp\/v2\/media?parent=9992"}],"wp:term":[{"taxonomy":"opcoes-da-programacao","embeddable":true,"href":"https:\/\/homologacaosites.rj.sebrae.com.br\/crab\/wp-json\/wp\/v2\/opcoes-da-programacao?post=9992"},{"taxonomy":"tipos-de-eventos-jet","embeddable":true,"href":"https:\/\/homologacaosites.rj.sebrae.com.br\/crab\/wp-json\/wp\/v2\/tipos-de-eventos-jet?post=9992"}],"curies":[{"name":"wp","href":"https:\/\/api.w.org\/{rel}","templated":true}]}}

<p>&nbsp;</p>
<ul>
<li data-leveltext="" data-font="Symbol" data-listid="1" data-list-defn-props="{&quot;335552541&quot;:1,&quot;335559684&quot;:-2,&quot;335559685&quot;:720,&quot;335559991&quot;:360,&quot;469769226&quot;:&quot;Symbol&quot;,&quot;469769242&quot;:[8226],&quot;469777803&quot;:&quot;left&quot;,&quot;469777804&quot;:&quot;&quot;,&quot;469777815&quot;:&quot;hybridMultilevel&quot;}" aria-setsize="-1" data-aria-posinset="1" data-aria-level="1"><i><span data-contrast="auto"><strong>História da Estação Primeira</strong> é contada desde sua <strong>artesania ancestral</strong>, nos barracões da comunidade, ao gigantismo dos desfiles da escola de samba no Sambódromo</span></i><span data-ccp-props="{}"> </span></li>
</ul>
<p><span data-ccp-props="{&quot;335551550&quot;:6,&quot;335551620&quot;:6}"> </span></p>
<h2><span data-ccp-props="{&quot;335551550&quot;:6,&quot;335551620&quot;:6}">Exposição da Mangueira</span></h2>
<ul>
<li><em>História da Estação Primeira é contada desde sua artesania ancestral, nos barracões da comunidade, ao gigantismo dos desfiles da escola de samba no Sambódromo</em></li>
</ul>
<p>A <a href="https://www.mangueira.com.br/" target="_blank" rel="noopener">Estação Primeira de Mangueira</a> chegou às galerias do Centro Sebrae de Referência do Artesanato Brasileiro (CRAB) dia 22/8 para encantar o público com o artesanato que é produzido em sua comunidade. A exposição <em>Artesania Ancestral nos 95 anos de Mangueira </em>exibe desde o rico trabalho manual das fantasias e adereços feitos nas décadas de 20 e 30 à montagem de grandes peças de alegorias para os atuais desfiles das escolas de samba no Sambódromo. A mostra embala ainda o visitante com o samba de Cartola e a voz de Jamelão, duas lendas da escola.</p>
<p><strong> </strong></p>
<p>“Através dessa exposição mostramos a evolução dos desfiles apresentados pela verde-e-rosa, dando o merecido destaque e visibilidade ao maravilhoso trabalho artístico dos artesãos da comunidade, os verdadeiros artistas do melhor e mais cobiçado espetáculo da Terra. A Mangueira chega a mobilizar mais de 300 artesãos ao longo do ano“, explica Célia Domingues, curadora da mostra. “É uma honra receber aqui no CRAB essa belíssima exposição da Mangueira. Com isso, celebramos mais uma vez a arte popular brasileira. O público vai conhecer essa máquina de sonhos que é a artesania da escola mais tradicional do Rio de Janeiro”, celebra o diretor de Desenvolvimento do Sebrae Rio, Sergio Malta.</p>
<p><strong> </strong></p>
<p>A exposição ocupa oito ambientes do CRAB. No primeiro, um conjunto de informações sobre o universo mangueirense: a simbólica birosca do morro, com a lembrança das rodas de samba, os signos artesanais que remetem à época do Bloco Arengueiros (que deu origem à Mangueira), as imagens dos compositores e fundadores da escola e as giras de Candomblé. A partir daí, os espaços relembram à construção da história da Mangueira, que se mistura com própria origem do carnaval de rua.</p>
<p>&nbsp;</p>
<p>O visitante vai conhecer como a comunidade se tornou um pólo de artesãos, com a famosa fábrica de chapéus ao lado da linha férrea. E fará um passeio pela arte afro-brasileira e a arte plumária, utilizadas em vários enredos. Na última sala, uma maquete com 4 mil peças feitas à mão reproduz um desfile completo da Mangueira, com componentes, alas e carros alegóricos. Após a visitação, o público poderá comprar peças produzidas por artesãos empreendedores do carnaval.</p>
<p><span data-ccp-props="{&quot;335551550&quot;:6,&quot;335551620&quot;:6}"> </span></p>
<h2>Abertura</h2>
<p>&nbsp;</p>
<p>A <strong>Estação Primeira de Mangueira</strong> faz uma verdadeira alquimia com os desejos e as ilusões do povo quando desfila, a cada ano, na Passarela do Samba. É um dos maiores símbolos da paixão popular pelo carnaval. Por trás dessa magia, há centenas de artesãos que trabalham com afinco e amor para dar forma na avenida à escola de samba mais tradicional do Rio de Janeiro. O Centro Sebrae de Referência do Artesanato Brasileiro (CRAB) recebe esta belíssima exposição sobre a Mangueira com o objetivo de mais uma vez celebrar a arte popular brasileira.</p>
<p>Em cada uma das oito salas da mostra <em><strong>Artesania Ancestral</strong> <strong>nos 95 anos da Mangueira</strong></em>, o visitante verá como a verde-e-rosa conquista o coração do povo. Tudo começa e termina pelas mãos talentosas de seus artesãos. É no barracão, com garra e energia, que a comunidade faz o sonho começar a tomar forma. Tecidos, pedrarias, plumas e brilho constroem um mundo de encantamento. As peças aqui expostas também são embaladas pela música de duas lendas da escola, a voz de Jamelão e o samba de Cartola.</p>
<p>Abram seus olhos e corações para esse belo artesanato. E se encantem com a ancestralidade dessa folia!</p>
<p>&nbsp;</p>
<h2><strong>Curadoria da Exposição </strong></h2>
<p>&nbsp;</p>
<p>As definições das categorias artesanais são fronteiras maleáveis, que em certos casos fogem às concepções preestabelecidas.</p>
<p>É o caso da <strong>artesania</strong> para Escola de Samba (ou para o Carnaval), que não se enquadra em conceituações rígidas, pois diversas finalidades determinam a existência de sua materialidade. Por exemplo, certos produtos compõe o discurso visual do desfile, transformando matéria prima, com técnicas diferenciadas, em fantasias, alegorias e adereços. Já outros produtos são produzidos como souvenirs da festa. Uns efêmeros, outros tentando a eternidade. Um com finalidade de valer a nota do grupo, num determinado quesito, outro com função individual da recordação.</p>
<p>E, para tornar tudo ainda mais complexo, quando um visitante ganha de presente, durante a procissão festiva, um pedaço da fantasia que está desfilando nas Campeãs, e a leva como lembrança para sua casa, as finalidades se atravessam, compondo um novo feixe de possibilidades.</p>
<p>De todo modo, a cadeia produtiva da folia criou uma categoria de artesania carioca e brasileira (hoje copiada no mundo inteiro) que visa enfeitar a vida daqueles arrebatados pelo ziriguidum das comunidades do Rio de Janeiro.</p>
<p>Esta exposição ocupa 8 salas que, se não pretendem dar conta deste gigantesco universo, almejam ser uma introdução à riqueza dos fazeres centenários do universo artístico das escolas de samba cariocas, com recorte dentro da verde-e-rosa Estação Primeira de Mangueira, que nas comemorações de seus 95 anos homenageia estes anônimos artesãos que usam suas mãos para encantar os olhos do público que ocupa as arquibancadas e que dança, canta e se emociona com a criatividade do povo do samba.</p>
<p>Sejam bem-vindos ao que chamamos de Fábrica dos Sonhos….</p>
<p><span data-ccp-props="{&quot;335551550&quot;:6,&quot;335551620&quot;:6}"> </span></p>
<h2><b><span data-contrast="auto">Serviço</span></b><span data-ccp-props="{&quot;335551550&quot;:6,&quot;335551620&quot;:6}"> </span></h2>
<p><span data-ccp-props="{&quot;335551550&quot;:6,&quot;335551620&quot;:6}"> </span></p>
<p><b><span data-contrast="auto">Endereço: </span></b><span data-contrast="auto">Praça Tiradentes 69/71, Centro do Rio de Janeiro</span><span data-ccp-props="{&quot;335551550&quot;:6,&quot;335551620&quot;:6}"> </span></p>
<p><b><span data-contrast="auto">Funcionamento: </span></b><span data-contrast="auto">terça-feira a sábado, das 10h às 17h</span><span data-ccp-props="{&quot;335551550&quot;:6,&quot;335551620&quot;:6}"> </span></p>
<p><b><span data-contrast="auto">Ingresso: </span></b><span data-contrast="auto">entrada franca (mediante documento com foto)</span><span data-ccp-props="{&quot;335551550&quot;:6,&quot;335551620&quot;:6}"> </span></p>
<p><b><span data-contrast="auto">Website: </span></b><a href="https://homologacaosites.rj.sebrae.com.br/crab/"><span data-contrast="none">https://homologacaosites.rj.sebrae.com.br/crab/</span></a><span data-ccp-props="{&quot;335551550&quot;:6,&quot;335551620&quot;:6}"> </span></p>
